{"id":978,"date":"2019-01-29T10:37:07","date_gmt":"2019-01-29T10:37:07","guid":{"rendered":"http:\/\/www.laproduktiva.com\/films\/?page_id=978"},"modified":"2025-11-03T13:45:01","modified_gmt":"2025-11-03T13:45:01","slug":"sonidomosca","status":"publish","type":"page","link":"https:\/\/www.laproduktiva.com\/films\/sonidomosca\/","title":{"rendered":"Sonido Mosca"},"content":{"rendered":"\n<div style=\"height:60px\" aria-hidden=\"true\" class=\"wp-block-spacer\"><\/div>\n\n\n\n<div class=\"wp-block-media-text alignwide is-stacked-on-mobile is-vertically-aligned-center\" style=\"grid-template-columns:35% auto\"><figure class=\"wp-block-media-text__media\"><a href=\"https:\/\/www.laproduktiva.com\/films\/wp-content\/uploads\/CartellSonidoMoscaDEF_CAT.png\" target=\"_blank\" rel=\"noreferrer noopener\"><img loading=\"lazy\" decoding=\"async\" width=\"724\" height=\"1024\" src=\"https:\/\/www.laproduktiva.com\/films\/wp-content\/uploads\/CartellSonidoMoscaDEF_CAT-724x1024.png\" alt=\"\" class=\"wp-image-1258 size-full\" srcset=\"https:\/\/www.laproduktiva.com\/films\/wp-content\/uploads\/CartellSonidoMoscaDEF_CAT-724x1024.png 724w, https:\/\/www.laproduktiva.com\/films\/wp-content\/uploads\/CartellSonidoMoscaDEF_CAT-212x300.png 212w, https:\/\/www.laproduktiva.com\/films\/wp-content\/uploads\/CartellSonidoMoscaDEF_CAT-768x1086.png 768w, https:\/\/www.laproduktiva.com\/films\/wp-content\/uploads\/CartellSonidoMoscaDEF_CAT.png 842w\" sizes=\"auto, (max-width: 724px) 100vw, 724px\" \/><\/a><\/figure><div class=\"wp-block-media-text__content\">\n<h4 class=\"wp-block-heading\">els origens del rock a barcelona<\/h4>\n\n\n\n<p>La d\u00e8cada dels seixanta va ser una \u00e8poca on la dictadura i la repressi\u00f3 dominava la vida social i cultural espanyola. No obstant aix\u00f2, un munt de joves es van enfrontar a l&#8217;ordre establert per amor al rock and roll, que amb comptagotes els arribava a les orelles. Per\u00f2 tamb\u00e9 va ser una \u00e8poca en qu\u00e8 tot estava per fer i per descobrir, com en el cas de l&#8217;empresa Sinmarc, pioners dels amplificadors per a instruments a tot el pa\u00eds, que des del Poble Sec (Barcelona) es van atrevir amb els incipients gegants del sector com Fender o Marshall, per exemple. La hist\u00f2ria de Sinmarc va estar \u00edntimament lligada amb Los Salvajes, un dels grups pioners del rock a Catalunya, i a poc a poc, van comen\u00e7ar a fabricar amplificadors per a la majoria de bandes de Barcelona i per tota la pen\u00ednsula a partir de la d\u00e8cada dels setanta . El documental \u00e9s un sincer homenatge als amplificadors a v\u00e0lvules i als inicis del rock a Barcelona. Ens centrem en Los Salvajes, per\u00f2 tamb\u00e9 comptem amb la pres\u00e8ncia de membres de les bandes m\u00e9s interessants dels seixanta (Los Cheyenes, Los NO, Los Polares&#8230;), m\u00fasics i bandes actuals, periodistes musicals, t\u00e8cnics de so, directors musicals de les discogr\u00e0fiques de l&#8217;\u00e8poca &#8230; I sobretot, la participaci\u00f3 d&#8217;Avelino Costa, soci fundador de Sinmarc amb Felip Colominas i responsable del disseny dels amplificadors de la marca.<\/p>\n<\/div><\/div>\n\n\n\n<div style=\"height:30px\" aria-hidden=\"true\" class=\"wp-block-spacer\"><\/div>\n\n\n\n<h4 class=\"wp-block-heading\">VEURE el documental<\/h4>\n\n\n\n<div class=\"wp-block-columns is-layout-flex wp-container-core-columns-is-layout-28f84493 wp-block-columns-is-layout-flex\">\n<div class=\"wp-block-column is-layout-flow wp-block-column-is-layout-flow\" style=\"flex-basis:170px\">\n<figure class=\"wp-block-image size-thumbnail wp-duotone-unset-1\"><a href=\"https:\/\/www.filmin.es\/pelicula\/sonido-mosca\" target=\"_blank\" rel=\"noreferrer noopener\"><img loading=\"lazy\" decoding=\"async\" width=\"150\" height=\"150\" src=\"https:\/\/www.laproduktiva.com\/films\/wp-content\/uploads\/FILMIN-150x150.png\" alt=\"\" class=\"wp-image-2155\" srcset=\"https:\/\/www.laproduktiva.com\/films\/wp-content\/uploads\/FILMIN-150x150.png 150w, https:\/\/www.laproduktiva.com\/films\/wp-content\/uploads\/FILMIN-300x300.png 300w, https:\/\/www.laproduktiva.com\/films\/wp-content\/uploads\/FILMIN.png 1024w, https:\/\/www.laproduktiva.com\/films\/wp-content\/uploads\/FILMIN-768x768.png 768w\" sizes=\"auto, (max-width: 150px) 100vw, 150px\" \/><\/a><\/figure>\n<\/div>\n\n\n\n<div class=\"wp-block-column is-layout-flow wp-block-column-is-layout-flow\">\n<figure class=\"wp-block-image alignleft size-thumbnail wp-duotone-unset-2\"><a href=\"https:\/\/www.filmin.cat\/pelicula\/sonido-mosca\" target=\"_blank\" rel=\" noreferrer noopener\"><img loading=\"lazy\" decoding=\"async\" width=\"150\" height=\"150\" src=\"https:\/\/www.laproduktiva.com\/films\/wp-content\/uploads\/filmincat-150x150.png\" alt=\"\" class=\"wp-image-2523\" srcset=\"https:\/\/www.laproduktiva.com\/films\/wp-content\/uploads\/filmincat-150x150.png 150w, https:\/\/www.laproduktiva.com\/films\/wp-content\/uploads\/filmincat.png 225w\" sizes=\"auto, (max-width: 150px) 100vw, 150px\" \/><\/a><\/figure>\n<\/div>\n<\/div>\n\n\n\n<div class=\"wp-block-columns is-layout-flex wp-container-core-columns-is-layout-28f84493 wp-block-columns-is-layout-flex\">\n<div class=\"wp-block-column is-layout-flow wp-block-column-is-layout-flow\" style=\"flex-basis:100%\"><\/div>\n<\/div>\n\n\n\n<div style=\"height:30px\" aria-hidden=\"true\" class=\"wp-block-spacer\"><\/div>\n\n\n\n<h4 class=\"wp-block-heading\">PROJECCIONS<\/h4>\n\n\n\n<div class=\"wp-block-columns is-layout-flex wp-container-core-columns-is-layout-28f84493 wp-block-columns-is-layout-flex\">\n<div class=\"wp-block-column is-layout-flow wp-block-column-is-layout-flow\" style=\"flex-basis:100%\">\n<pre class=\"wp-block-preformatted has-cyan-bluish-gray-background-color has-background\">09\/11\/2019 - Cinema Mald\u00e0, BCN<br>04\/12\/2019 - Festival Purple Weekend, Lle\u00f3<br>12\/12\/2019 - Cinema Mald\u00e0, BCN<br>15\/02\/2020 - Minifestival, BCN<br>05\/03\/2020 - L'Estruch, Sabadell<br>12\/04\/2021 - CC Albareda, BCN<br>21\/10\/2021 - Sala Berlanga, Madrid<br>09\/11\/2025 - Cine Numax, Santiago de Compostela<\/pre>\n<\/div>\n<\/div>\n\n\n\n<div style=\"height:30px\" aria-hidden=\"true\" class=\"wp-block-spacer\"><\/div>\n\n\n\n<h4 class=\"wp-block-heading\">TEASERS<\/h4>\n\n\n\n<figure class=\"wp-block-embed is-type-video is-provider-vimeo wp-block-embed-vimeo wp-embed-aspect-16-9 wp-has-aspect-ratio\"><div class=\"wp-block-embed__wrapper\">\n<iframe loading=\"lazy\" title=\"Trailer &quot;Sonido mosca&quot;\" src=\"https:\/\/player.vimeo.com\/video\/369552256?dnt=1&amp;app_id=122963\" width=\"500\" height=\"281\" frameborder=\"0\" allow=\"autoplay; fullscreen; picture-in-picture; clipboard-write; encrypted-media; web-share\" referrerpolicy=\"strict-origin-when-cross-origin\"><\/iframe>\n<\/div><\/figure>\n\n\n\n<div style=\"height:10px\" aria-hidden=\"true\" class=\"wp-block-spacer\"><\/div>\n\n\n\n<figure class=\"wp-block-embed is-type-video is-provider-vimeo wp-block-embed-vimeo wp-embed-aspect-16-9 wp-has-aspect-ratio\"><div class=\"wp-block-embed__wrapper\">\n<iframe loading=\"lazy\" title=\"Teaser 2 &quot;Sonido Mosca&quot;\" src=\"https:\/\/player.vimeo.com\/video\/345008057?dnt=1&amp;app_id=122963\" width=\"500\" height=\"281\" frameborder=\"0\" allow=\"autoplay; fullscreen; picture-in-picture; clipboard-write; encrypted-media; web-share\" referrerpolicy=\"strict-origin-when-cross-origin\"><\/iframe>\n<\/div><\/figure>\n\n\n\n<div style=\"height:10px\" aria-hidden=\"true\" class=\"wp-block-spacer\"><\/div>\n\n\n\n<figure class=\"wp-block-embed is-type-video is-provider-vimeo wp-block-embed-vimeo wp-embed-aspect-16-9 wp-has-aspect-ratio\"><div class=\"wp-block-embed__wrapper\">\n<iframe loading=\"lazy\" title=\"Teaser Verkami &quot;Sonido Mosca&quot;\" src=\"https:\/\/player.vimeo.com\/video\/338633204?dnt=1&amp;app_id=122963\" width=\"500\" height=\"281\" frameborder=\"0\" allow=\"autoplay; fullscreen; picture-in-picture; clipboard-write; encrypted-media; web-share\" referrerpolicy=\"strict-origin-when-cross-origin\"><\/iframe>\n<\/div><\/figure>\n\n\n\n<div style=\"height:30px\" aria-hidden=\"true\" class=\"wp-block-spacer\"><\/div>\n\n\n\n<h4 class=\"wp-block-heading\">FOTOS RODATGE<\/h4>\n\n\n\n<div class=\"wp-block-group is-layout-constrained wp-block-group-is-layout-constrained\">\n<div class=\"wp-block-columns is-layout-flex wp-container-core-columns-is-layout-28f84493 wp-block-columns-is-layout-flex\">\n<div class=\"wp-block-column is-layout-flow wp-block-column-is-layout-flow\" style=\"flex-basis:100%\">\n<h4 class=\"wp-block-heading has-text-align-center has-white-color has-primary-background-color has-text-color has-background has-link-color wp-elements-b56a614160ca49a122e9b8517e7f40da\"><a href=\"https:\/\/flic.kr\/s\/aHsmpGwwYz\" target=\"_blank\" rel=\"noreferrer noopener\">https:\/\/flic.kr\/s\/aHsmpGwwYz<\/a><\/h4>\n<\/div>\n<\/div>\n<\/div>\n\n\n\n<div style=\"height:30px\" aria-hidden=\"true\" class=\"wp-block-spacer\"><\/div>\n\n\n\n<h4 class=\"wp-block-heading\">PROTAGONISTES (PER ORDRE ALFAB\u00c8TIC)<\/h4>\n\n\n\n<div class=\"wp-block-columns is-layout-flex wp-container-core-columns-is-layout-28f84493 wp-block-columns-is-layout-flex\">\n<div class=\"wp-block-column is-layout-flow wp-block-column-is-layout-flow\" style=\"flex-basis:100%\">\n<pre class=\"wp-block-preformatted has-cyan-bluish-gray-background-color has-background\">Albert Gil, Albert Malla, Alberto P\u00e9rez, Alex Diez, Alfred Dom\u00e8nech, Andr\u00e9s Gonz\u00e1lez \u201cAndy\u201d, \u00c0ngel Querol, Avel\u00b7l\u00ed Costa, Carles Fonollosa, Delf\u00edn Fern\u00e1ndez, Dion\u00eds Bel, Eduard Mu\u00f1oz, Evan Dedes, Francesc Aznar, Francesc Miralles, Frank Andrada, Gay Mercader, Guille Soler, Horacio Segu\u00ed, Jaime Gonzalo, Joan Antoni Bautista, Joan Mir\u00f3, Joan Pernil, Joan Surribas, Jorge Bueno, Josep Vercher, Juli\u00e1n Moreno, Luis Barbero, Manel Cordero, Manel Ruiz, Marc Tena, Marcel Cavall\u00e9, Max Sunyer, Narc\u00eds Passola, Pere Carreras, Pere Gen\u00e9, Ram\u00f3n Cuenca, Ram\u00f3n Rad\u00f3, Ricky Gil, Robert Castro, Robert Vercher, Roman Gil, Sebasti\u00e0 Sospedra, Sergi Car\u00f3s, Sergio Martos, Sergio Ortiz, V\u00edctor Asensio, V\u00edctor Portol\u00e9s i Xavier Garc\u00eda Vives<\/pre>\n<\/div>\n<\/div>\n\n\n\n<div style=\"height:30px\" aria-hidden=\"true\" class=\"wp-block-spacer\"><\/div>\n\n\n\n<h4 class=\"wp-block-heading\">FITXA T\u00c8CNICA<\/h4>\n\n\n\n<div class=\"wp-block-columns is-layout-flex wp-container-core-columns-is-layout-28f84493 wp-block-columns-is-layout-flex\">\n<div class=\"wp-block-column is-layout-flow wp-block-column-is-layout-flow\" style=\"flex-basis:100%\">\n<pre class=\"wp-block-preformatted has-cyan-bluish-gray-background-color has-background\">DURADA: 107'\nG\u00c8NERE: Documental musical\nFORMAT GRAVACI\u00d3: HD 16:9\nFORMAT PROJECCI\u00d3: DCP, ProRes o H264\nIDIOMA: catal\u00e0 i castell\u00e0\nSUBT\u00cdTOLS: castell\u00e0 i angl\u00e8s\nANY: 2019<\/pre>\n<\/div>\n<\/div>\n\n\n\n<div style=\"height:30px\" aria-hidden=\"true\" class=\"wp-block-spacer\"><\/div>\n\n\n\n<h4 class=\"wp-block-heading\">EQUIP<\/h4>\n\n\n\n<div class=\"wp-block-columns is-layout-flex wp-container-core-columns-is-layout-28f84493 wp-block-columns-is-layout-flex\">\n<div class=\"wp-block-column is-layout-flow wp-block-column-is-layout-flow\" style=\"flex-basis:100%\">\n<pre class=\"wp-block-preformatted has-cyan-bluish-gray-background-color has-background\">C\u00c0MERES: Helena Torrent, Vicen\u00e7 Ferreres, Nando Caballero, Mar G\u00f3mez, Dani D\u00edaz, Anthony Alnowara i \u00c0ngela Ulloa<br>SO DIRECTE: Iv\u00e1n Arroyes, Vicen\u00e7 Ferreres, Nando Caballero i Montse Ben\u00edtez<br>MUNTATGE D'\u00c0UDIO: Iv\u00e1n Arroyes<br>POSTPRODUCCI\u00d3: Anna Mauri<br>DISSENY GR\u00c0FIC: Vicen\u00e7 Ferreres<br>PRODUCCI\u00d3 EXECUTIVA: Montse Ben\u00edtez i Vicen\u00e7 Ferreres<br>GUI\u00d3, DIRECCI\u00d3, MUNTATGE I ETALONATGE: Nando Caballero<\/pre>\n<\/div>\n<\/div>\n\n\n\n<div style=\"height:30px\" aria-hidden=\"true\" class=\"wp-block-spacer\"><\/div>\n\n\n\n<h6 class=\"wp-block-heading\">Una producci\u00f3 de La Produktiva Films<\/h6>\n\n\n\n<p><\/p>\n","protected":false},"excerpt":{"rendered":"<p>els origens del rock a barcelona La d\u00e8cada dels seixanta va ser una \u00e8poca on la dictadura i la repressi\u00f3 dominava la vida social i cultural espanyola. No obstant aix\u00f2, un munt de joves es van enfrontar a l&#8217;ordre establert per amor al rock and roll, que amb comptagotes els arribava a les orelles. Per\u00f2 [&hellip;]<\/p>\n","protected":false},"author":1,"featured_media":2975,"parent":0,"menu_order":0,"comment_status":"closed","ping_status":"closed","template":"","meta":{"footnotes":""},"class_list":["post-978","page","type-page","status-publish","has-post-thumbnail","hentry"],"_links":{"self":[{"href":"https:\/\/www.laproduktiva.com\/films\/wp-json\/wp\/v2\/pages\/978","targetHints":{"allow":["GET"]}}],"collection":[{"href":"https:\/\/www.laproduktiva.com\/films\/wp-json\/wp\/v2\/pages"}],"about":[{"href":"https:\/\/www.laproduktiva.com\/films\/wp-json\/wp\/v2\/types\/page"}],"author":[{"embeddable":true,"href":"https:\/\/www.laproduktiva.com\/films\/wp-json\/wp\/v2\/users\/1"}],"replies":[{"embeddable":true,"href":"https:\/\/www.laproduktiva.com\/films\/wp-json\/wp\/v2\/comments?post=978"}],"version-history":[{"count":146,"href":"https:\/\/www.laproduktiva.com\/films\/wp-json\/wp\/v2\/pages\/978\/revisions"}],"predecessor-version":[{"id":3231,"href":"https:\/\/www.laproduktiva.com\/films\/wp-json\/wp\/v2\/pages\/978\/revisions\/3231"}],"wp:featuredmedia":[{"embeddable":true,"href":"https:\/\/www.laproduktiva.com\/films\/wp-json\/wp\/v2\/media\/2975"}],"wp:attachment":[{"href":"https:\/\/www.laproduktiva.com\/films\/wp-json\/wp\/v2\/media?parent=978"}],"curies":[{"name":"wp","href":"https:\/\/api.w.org\/{rel}","templated":true}]}}

<div style="height:60px" aria-hidden="true" class="wp-block-spacer"></div>



<div class="wp-block-media-text alignwide is-stacked-on-mobile is-vertically-aligned-center" style="grid-template-columns:35% auto"><figure class="wp-block-media-text__media"><a href="https://www.laproduktiva.com/films/wp-content/uploads/CartellSonidoMoscaDEF_CAT.png" target="_blank" rel="noreferrer noopener"><img loading="lazy" decoding="async" width="724" height="1024" src="https://www.laproduktiva.com/films/wp-content/uploads/CartellSonidoMoscaDEF_CAT-724x1024.png" alt="" class="wp-image-1258 size-full" srcset="https://www.laproduktiva.com/films/wp-content/uploads/CartellSonidoMoscaDEF_CAT-724x1024.png 724w, https://www.laproduktiva.com/films/wp-content/uploads/CartellSonidoMoscaDEF_CAT-212x300.png 212w, https://www.laproduktiva.com/films/wp-content/uploads/CartellSonidoMoscaDEF_CAT-768x1086.png 768w, https://www.laproduktiva.com/films/wp-content/uploads/CartellSonidoMoscaDEF_CAT.png 842w" sizes="auto, (max-width: 724px) 100vw, 724px" /></a></figure><div class="wp-block-media-text__content">
<h4 class="wp-block-heading">els origens del rock a barcelona</h4>



<p>La dècada dels seixanta va ser una època on la dictadura i la repressió dominava la vida social i cultural espanyola. No obstant això, un munt de joves es van enfrontar a l&#8217;ordre establert per amor al rock and roll, que amb comptagotes els arribava a les orelles. Però també va ser una època en què tot estava per fer i per descobrir, com en el cas de l&#8217;empresa Sinmarc, pioners dels amplificadors per a instruments a tot el país, que des del Poble Sec (Barcelona) es van atrevir amb els incipients gegants del sector com Fender o Marshall, per exemple. La història de Sinmarc va estar íntimament lligada amb Los Salvajes, un dels grups pioners del rock a Catalunya, i a poc a poc, van començar a fabricar amplificadors per a la majoria de bandes de Barcelona i per tota la península a partir de la dècada dels setanta . El documental és un sincer homenatge als amplificadors a vàlvules i als inicis del rock a Barcelona. Ens centrem en Los Salvajes, però també comptem amb la presència de membres de les bandes més interessants dels seixanta (Los Cheyenes, Los NO, Los Polares&#8230;), músics i bandes actuals, periodistes musicals, tècnics de so, directors musicals de les discogràfiques de l&#8217;època &#8230; I sobretot, la participació d&#8217;Avelino Costa, soci fundador de Sinmarc amb Felip Colominas i responsable del disseny dels amplificadors de la marca.</p>
</div></div>



<div style="height:30px" aria-hidden="true" class="wp-block-spacer"></div>



<h4 class="wp-block-heading">VEURE el documental</h4>



<div class="wp-block-columns is-layout-flex wp-container-core-columns-is-layout-28f84493 wp-block-columns-is-layout-flex">
<div class="wp-block-column is-layout-flow wp-block-column-is-layout-flow" style="flex-basis:170px">
<figure class="wp-block-image size-thumbnail wp-duotone-unset-1"><a href="https://www.filmin.es/pelicula/sonido-mosca" target="_blank" rel="noreferrer noopener"><img loading="lazy" decoding="async" width="150" height="150" src="https://www.laproduktiva.com/films/wp-content/uploads/FILMIN-150x150.png" alt="" class="wp-image-2155" srcset="https://www.laproduktiva.com/films/wp-content/uploads/FILMIN-150x150.png 150w, https://www.laproduktiva.com/films/wp-content/uploads/FILMIN-300x300.png 300w, https://www.laproduktiva.com/films/wp-content/uploads/FILMIN.png 1024w, https://www.laproduktiva.com/films/wp-content/uploads/FILMIN-768x768.png 768w" sizes="auto, (max-width: 150px) 100vw, 150px" /></a></figure>
</div>



<div class="wp-block-column is-layout-flow wp-block-column-is-layout-flow">
<figure class="wp-block-image alignleft size-thumbnail wp-duotone-unset-2"><a href="https://www.filmin.cat/pelicula/sonido-mosca" target="_blank" rel=" noreferrer noopener"><img loading="lazy" decoding="async" width="150" height="150" src="https://www.laproduktiva.com/films/wp-content/uploads/filmincat-150x150.png" alt="" class="wp-image-2523" srcset="https://www.laproduktiva.com/films/wp-content/uploads/filmincat-150x150.png 150w, https://www.laproduktiva.com/films/wp-content/uploads/filmincat.png 225w" sizes="auto, (max-width: 150px) 100vw, 150px" /></a></figure>
</div>
</div>



<div class="wp-block-columns is-layout-flex wp-container-core-columns-is-layout-28f84493 wp-block-columns-is-layout-flex">
<div class="wp-block-column is-layout-flow wp-block-column-is-layout-flow" style="flex-basis:100%"></div>
</div>



<div style="height:30px" aria-hidden="true" class="wp-block-spacer"></div>



<h4 class="wp-block-heading">PROJECCIONS</h4>



<div class="wp-block-columns is-layout-flex wp-container-core-columns-is-layout-28f84493 wp-block-columns-is-layout-flex">
<div class="wp-block-column is-layout-flow wp-block-column-is-layout-flow" style="flex-basis:100%">
<pre class="wp-block-preformatted has-cyan-bluish-gray-background-color has-background">09/11/2019 - Cinema Maldà, BCN<br>04/12/2019 - Festival Purple Weekend, Lleó<br>12/12/2019 - Cinema Maldà, BCN<br>15/02/2020 - Minifestival, BCN<br>05/03/2020 - L'Estruch, Sabadell<br>12/04/2021 - CC Albareda, BCN<br>21/10/2021 - Sala Berlanga, Madrid<br>09/11/2025 - Cine Numax, Santiago de Compostela</pre>
</div>
</div>



<div style="height:30px" aria-hidden="true" class="wp-block-spacer"></div>



<h4 class="wp-block-heading">TEASERS</h4>



<figure class="wp-block-embed is-type-video is-provider-vimeo wp-block-embed-vimeo wp-embed-aspect-16-9 wp-has-aspect-ratio"><div class="wp-block-embed__wrapper">
<iframe loading="lazy" title="Trailer &quot;Sonido mosca&quot;" src="https://player.vimeo.com/video/369552256?dnt=1&amp;app_id=122963" width="500" height="281" frameborder="0" allow="autoplay; fullscreen; picture-in-picture; clipboard-write; encrypted-media; web-share" referrerpolicy="strict-origin-when-cross-origin"></iframe>
</div></figure>



<div style="height:10px" aria-hidden="true" class="wp-block-spacer"></div>



<figure class="wp-block-embed is-type-video is-provider-vimeo wp-block-embed-vimeo wp-embed-aspect-16-9 wp-has-aspect-ratio"><div class="wp-block-embed__wrapper">
<iframe loading="lazy" title="Teaser 2 &quot;Sonido Mosca&quot;" src="https://player.vimeo.com/video/345008057?dnt=1&amp;app_id=122963" width="500" height="281" frameborder="0" allow="autoplay; fullscreen; picture-in-picture; clipboard-write; encrypted-media; web-share" referrerpolicy="strict-origin-when-cross-origin"></iframe>
</div></figure>



<div style="height:10px" aria-hidden="true" class="wp-block-spacer"></div>



<figure class="wp-block-embed is-type-video is-provider-vimeo wp-block-embed-vimeo wp-embed-aspect-16-9 wp-has-aspect-ratio"><div class="wp-block-embed__wrapper">
<iframe loading="lazy" title="Teaser Verkami &quot;Sonido Mosca&quot;" src="https://player.vimeo.com/video/338633204?dnt=1&amp;app_id=122963" width="500" height="281" frameborder="0" allow="autoplay; fullscreen; picture-in-picture; clipboard-write; encrypted-media; web-share" referrerpolicy="strict-origin-when-cross-origin"></iframe>
</div></figure>



<div style="height:30px" aria-hidden="true" class="wp-block-spacer"></div>



<h4 class="wp-block-heading">FOTOS RODATGE</h4>



<div class="wp-block-group is-layout-constrained wp-block-group-is-layout-constrained">
<div class="wp-block-columns is-layout-flex wp-container-core-columns-is-layout-28f84493 wp-block-columns-is-layout-flex">
<div class="wp-block-column is-layout-flow wp-block-column-is-layout-flow" style="flex-basis:100%">
<h4 class="wp-block-heading has-text-align-center has-white-color has-primary-background-color has-text-color has-background has-link-color wp-elements-b56a614160ca49a122e9b8517e7f40da"><a href="https://flic.kr/s/aHsmpGwwYz" target="_blank" rel="noreferrer noopener">https://flic.kr/s/aHsmpGwwYz</a></h4>
</div>
</div>
</div>



<div style="height:30px" aria-hidden="true" class="wp-block-spacer"></div>



<h4 class="wp-block-heading">PROTAGONISTES (PER ORDRE ALFABÈTIC)</h4>



<div class="wp-block-columns is-layout-flex wp-container-core-columns-is-layout-28f84493 wp-block-columns-is-layout-flex">
<div class="wp-block-column is-layout-flow wp-block-column-is-layout-flow" style="flex-basis:100%">
<pre class="wp-block-preformatted has-cyan-bluish-gray-background-color has-background">Albert Gil, Albert Malla, Alberto Pérez, Alex Diez, Alfred Domènech, Andrés González “Andy”, Àngel Querol, Avel·lí Costa, Carles Fonollosa, Delfín Fernández, Dionís Bel, Eduard Muñoz, Evan Dedes, Francesc Aznar, Francesc Miralles, Frank Andrada, Gay Mercader, Guille Soler, Horacio Seguí, Jaime Gonzalo, Joan Antoni Bautista, Joan Miró, Joan Pernil, Joan Surribas, Jorge Bueno, Josep Vercher, Julián Moreno, Luis Barbero, Manel Cordero, Manel Ruiz, Marc Tena, Marcel Cavallé, Max Sunyer, Narcís Passola, Pere Carreras, Pere Gené, Ramón Cuenca, Ramón Radó, Ricky Gil, Robert Castro, Robert Vercher, Roman Gil, Sebastià Sospedra, Sergi Carós, Sergio Martos, Sergio Ortiz, Víctor Asensio, Víctor Portolés i Xavier García Vives</pre>
</div>
</div>



<div style="height:30px" aria-hidden="true" class="wp-block-spacer"></div>



<h4 class="wp-block-heading">FITXA TÈCNICA</h4>



<div class="wp-block-columns is-layout-flex wp-container-core-columns-is-layout-28f84493 wp-block-columns-is-layout-flex">
<div class="wp-block-column is-layout-flow wp-block-column-is-layout-flow" style="flex-basis:100%">
<pre class="wp-block-preformatted has-cyan-bluish-gray-background-color has-background">DURADA: 107'
GÈNERE: Documental musical
FORMAT GRAVACIÓ: HD 16:9
FORMAT PROJECCIÓ: DCP, ProRes o H264
IDIOMA: català i castellà
SUBTÍTOLS: castellà i anglès
ANY: 2019</pre>
</div>
</div>



<div style="height:30px" aria-hidden="true" class="wp-block-spacer"></div>



<h4 class="wp-block-heading">EQUIP</h4>



<div class="wp-block-columns is-layout-flex wp-container-core-columns-is-layout-28f84493 wp-block-columns-is-layout-flex">
<div class="wp-block-column is-layout-flow wp-block-column-is-layout-flow" style="flex-basis:100%">
<pre class="wp-block-preformatted has-cyan-bluish-gray-background-color has-background">CÀMERES: Helena Torrent, Vicenç Ferreres, Nando Caballero, Mar Gómez, Dani Díaz, Anthony Alnowara i Àngela Ulloa<br>SO DIRECTE: Iván Arroyes, Vicenç Ferreres, Nando Caballero i Montse Benítez<br>MUNTATGE D'ÀUDIO: Iván Arroyes<br>POSTPRODUCCIÓ: Anna Mauri<br>DISSENY GRÀFIC: Vicenç Ferreres<br>PRODUCCIÓ EXECUTIVA: Montse Benítez i Vicenç Ferreres<br>GUIÓ, DIRECCIÓ, MUNTATGE I ETALONATGE: Nando Caballero</pre>
</div>
</div>



<div style="height:30px" aria-hidden="true" class="wp-block-spacer"></div>



<h6 class="wp-block-heading">Una producció de La Produktiva Films</h6>



<p></p>

<p>els origens del rock a barcelona La dècada dels seixanta va ser una època on la dictadura i la repressió dominava la vida social i cultural espanyola. No obstant això, un munt de joves es van enfrontar a l&#8217;ordre establert per amor al rock and roll, que amb comptagotes els arribava a les orelles. Però [&hellip;]</p>
