{"id":791,"date":"2018-06-19T06:46:16","date_gmt":"2018-06-19T06:46:16","guid":{"rendered":"http:\/\/www.laproduktiva.com\/films\/?page_id=791"},"modified":"2025-08-13T08:16:23","modified_gmt":"2025-08-13T08:16:23","slug":"neocalorrismo","status":"publish","type":"page","link":"https:\/\/www.laproduktiva.com\/films\/neocalorrismo\/","title":{"rendered":"Neocalorrismo &#038; Rumba&#8217;n&#8217;Roll"},"content":{"rendered":"\n<div style=\"height:60px\" aria-hidden=\"true\" class=\"wp-block-spacer\"><\/div>\n\n\n\n<div class=\"wp-block-media-text alignwide is-stacked-on-mobile is-vertically-aligned-center\" style=\"grid-template-columns:35% auto\"><figure class=\"wp-block-media-text__media\"><a href=\"https:\/\/www.laproduktiva.com\/films\/wp-content\/uploads\/PosterPequeOK.png\" target=\"_blank\" rel=\"noreferrer noopener\"><img loading=\"lazy\" decoding=\"async\" width=\"723\" height=\"1024\" src=\"https:\/\/www.laproduktiva.com\/films\/wp-content\/uploads\/PosterPequeOK-723x1024.png\" alt=\"\" class=\"wp-image-872 size-full\" srcset=\"https:\/\/www.laproduktiva.com\/films\/wp-content\/uploads\/PosterPequeOK-723x1024.png 723w, https:\/\/www.laproduktiva.com\/films\/wp-content\/uploads\/PosterPequeOK-212x300.png 212w, https:\/\/www.laproduktiva.com\/films\/wp-content\/uploads\/PosterPequeOK-768x1087.png 768w, https:\/\/www.laproduktiva.com\/films\/wp-content\/uploads\/PosterPequeOK.png 842w\" sizes=\"auto, (max-width: 723px) 100vw, 723px\" \/><\/a><\/figure><div class=\"wp-block-media-text__content\">\n<h4 class=\"wp-block-heading\">reinventant la rumba<\/h4>\n\n\n\n<p>Jos\u00e9 Antonio Bejarano &#8220;Pantanito&#8221; \u00e9s un rumbero amb cor roquer que, a principis del segle XXI, es va inventar el terme Neocalorrisme revitalitzant la rumba des del centre de Barcelona i reivindicant una altra manera de fer les coses a trav\u00e9s de l&#8217;underground, la transgressi\u00f3, la fusi\u00f3 i la llibertat. Aquest documental gira entorn d&#8217;ell i la seva visi\u00f3 paia de la rumba, per\u00f2 tamb\u00e9 gira al voltant de Madrid, Vallecas i el so Ca\u00f1o Roto, per exemple, ventilant opinions de m\u00fasics i periodistes al voltant d&#8217;un g\u00e8nere odiat i estimat per part iguals.<\/p>\n<\/div><\/div>\n\n\n\n<div style=\"height:30px\" aria-hidden=\"true\" class=\"wp-block-spacer\"><\/div>\n\n\n\n<h4 class=\"wp-block-heading\">SELECCIONS<\/h4>\n\n\n\n<div class=\"wp-block-columns is-layout-flex wp-container-core-columns-is-layout-28f84493 wp-block-columns-is-layout-flex\">\n<div class=\"wp-block-column is-layout-flow wp-block-column-is-layout-flow\" style=\"flex-basis:170px\">\n<figure class=\"wp-block-image size-full wp-duotone-unset-1\"><img loading=\"lazy\" decoding=\"async\" width=\"150\" height=\"98\" src=\"https:\/\/www.laproduktiva.com\/films\/wp-content\/uploads\/ineditpantanito.png\" alt=\"\" class=\"wp-image-850\"\/><\/figure>\n<\/div>\n\n\n\n<div class=\"wp-block-column is-layout-flow wp-block-column-is-layout-flow\">\n<figure class=\"wp-block-image size-full wp-duotone-unset-2\"><img loading=\"lazy\" decoding=\"async\" width=\"150\" height=\"98\" src=\"https:\/\/www.laproduktiva.com\/films\/wp-content\/uploads\/dumbo19.png\" alt=\"\" class=\"wp-image-1286\"\/><\/figure>\n<\/div>\n<\/div>\n\n\n\n<div style=\"height:30px\" aria-hidden=\"true\" class=\"wp-block-spacer\"><\/div>\n\n\n\n<h4 class=\"wp-block-heading\">VEURE el documental<\/h4>\n\n\n\n<div class=\"wp-block-columns is-layout-flex wp-container-core-columns-is-layout-28f84493 wp-block-columns-is-layout-flex\">\n<div class=\"wp-block-column is-layout-flow wp-block-column-is-layout-flow\" style=\"flex-basis:170px\">\n<figure class=\"wp-block-image size-thumbnail wp-duotone-unset-3\"><a href=\"https:\/\/www.filmin.es\/pelicula\/neocalorrismo-rumbanroll\" target=\"_blank\" rel=\"noreferrer noopener\"><img loading=\"lazy\" decoding=\"async\" width=\"150\" height=\"150\" src=\"https:\/\/www.laproduktiva.com\/films\/wp-content\/uploads\/FILMIN-150x150.png\" alt=\"\" class=\"wp-image-2155\" srcset=\"https:\/\/www.laproduktiva.com\/films\/wp-content\/uploads\/FILMIN-150x150.png 150w, https:\/\/www.laproduktiva.com\/films\/wp-content\/uploads\/FILMIN-300x300.png 300w, https:\/\/www.laproduktiva.com\/films\/wp-content\/uploads\/FILMIN.png 1024w, https:\/\/www.laproduktiva.com\/films\/wp-content\/uploads\/FILMIN-768x768.png 768w\" sizes=\"auto, (max-width: 150px) 100vw, 150px\" \/><\/a><\/figure>\n<\/div>\n\n\n\n<div class=\"wp-block-column is-layout-flow wp-block-column-is-layout-flow\">\n<figure class=\"wp-block-image alignleft size-thumbnail wp-duotone-unset-4\"><a href=\"https:\/\/www.filmin.cat\/pelicula\/neocalorrismo-rumbanroll\" target=\"_blank\" rel=\" noreferrer noopener\"><img loading=\"lazy\" decoding=\"async\" width=\"150\" height=\"150\" src=\"https:\/\/www.laproduktiva.com\/films\/wp-content\/uploads\/filmincat-150x150.png\" alt=\"\" class=\"wp-image-2523\" srcset=\"https:\/\/www.laproduktiva.com\/films\/wp-content\/uploads\/filmincat-150x150.png 150w, https:\/\/www.laproduktiva.com\/films\/wp-content\/uploads\/filmincat.png 225w\" sizes=\"auto, (max-width: 150px) 100vw, 150px\" \/><\/a><\/figure>\n<\/div>\n<\/div>\n\n\n\n<div style=\"height:30px\" aria-hidden=\"true\" class=\"wp-block-spacer\"><\/div>\n\n\n\n<h4 class=\"wp-block-heading\">PROJECCIONS<\/h4>\n\n\n\n<pre class=\"wp-block-preformatted has-cyan-bluish-gray-background-color has-background\">31\/03\/2022 - Fundaci\u00f3 SGAE, Val\u00e8ncia<br>28\/02\/2021 - BCN TV (betev\u00e9) M\u00fasica Moderna <br>19\/10\/2019 - Delia Records, Madrid<br>20\/07\/2019 - L'Estruch, Sabadell<br>10\/04\/2019 - Sala Berlanga, Madrid<br>09\/04\/2019 - Sala Berlanga, Madrid<br>03\/11\/2018 - Festival In-Edit, CC Albareda, BCN<br>02\/11\/2018 - Festival In-Edit, Aribau Multicines, BCN<br>30\/10\/2018 - Festival In-Edit, Aribau Multicines, BCN<br>26\/10\/2018 - Festival In-Edit, CC Farinera del Clot, BCN<\/pre>\n\n\n\n<div style=\"height:30px\" aria-hidden=\"true\" class=\"wp-block-spacer\"><\/div>\n\n\n\n<h4 class=\"wp-block-heading\">TEASERS<\/h4>\n\n\n\n<figure class=\"wp-block-embed is-type-video is-provider-vimeo wp-block-embed-vimeo wp-embed-aspect-16-9 wp-has-aspect-ratio\"><div class=\"wp-block-embed__wrapper\">\n<iframe loading=\"lazy\" title=\"Neocalorrismo &amp; Rumba&#039;n&#039;Roll - Teaser 1\" src=\"https:\/\/player.vimeo.com\/video\/271338731?dnt=1&amp;app_id=122963\" width=\"500\" height=\"281\" frameborder=\"0\" allow=\"autoplay; fullscreen; picture-in-picture; clipboard-write; encrypted-media; web-share\" referrerpolicy=\"strict-origin-when-cross-origin\"><\/iframe>\n<\/div><\/figure>\n\n\n\n<div style=\"height:10px\" aria-hidden=\"true\" class=\"wp-block-spacer\"><\/div>\n\n\n\n<figure class=\"wp-block-embed is-type-video is-provider-vimeo wp-block-embed-vimeo wp-embed-aspect-16-9 wp-has-aspect-ratio\"><div class=\"wp-block-embed__wrapper\">\n<iframe loading=\"lazy\" title=\"Neocalorrismo &amp; Rumba\u2019n\u2019Roll - Teaser 2\" src=\"https:\/\/player.vimeo.com\/video\/277249763?dnt=1&amp;app_id=122963\" width=\"500\" height=\"281\" frameborder=\"0\" allow=\"autoplay; fullscreen; picture-in-picture; clipboard-write; encrypted-media; web-share\" referrerpolicy=\"strict-origin-when-cross-origin\"><\/iframe>\n<\/div><\/figure>\n\n\n\n<div style=\"height:30px\" aria-hidden=\"true\" class=\"wp-block-spacer\"><\/div>\n\n\n\n<h4 class=\"wp-block-heading\">FOTOS RODATGE<\/h4>\n\n\n\n<div class=\"wp-block-group is-layout-constrained wp-block-group-is-layout-constrained\">\n<div class=\"wp-block-columns is-layout-flex wp-container-core-columns-is-layout-28f84493 wp-block-columns-is-layout-flex\">\n<div class=\"wp-block-column is-layout-flow wp-block-column-is-layout-flow\" style=\"flex-basis:100%\">\n<h4 class=\"wp-block-heading has-text-align-center has-white-color has-primary-background-color has-text-color has-background has-link-color wp-elements-4e7ddb22b21692878b69f2c3b6707d27\"><a href=\"https:\/\/flic.kr\/s\/aHsm2TtZXZ\" target=\"_blank\" rel=\"noreferrer noopener\">https:\/\/flic.kr\/s\/aHsm2TtZXZ<\/a><\/h4>\n<\/div>\n<\/div>\n<\/div>\n\n\n\n<div style=\"height:30px\" aria-hidden=\"true\" class=\"wp-block-spacer\"><\/div>\n\n\n\n<h4 class=\"wp-block-heading\">PROTAGONISTES (PER ORDRE ALFAB\u00c8TIC)<\/h4>\n\n\n\n<pre class=\"wp-block-preformatted has-cyan-bluish-gray-background-color has-background\">Al\u00edcia Rodr\u00edguez, Antonio Jim\u00e9nez Silva, Carles Mestre, Clara Bejarano, C\u00e9sar Prieto, Daniel Guti\u00e9rrez Collia, David Italiano, Enric Pedascoll, Jordi Turt\u00f3s, Jose A. Bejarano \u201cPantanito\u201d, Jos\u00e9 Manuel G\u00f3mez \u201cGufi\u201d, Llu\u00eds S\u00e1nchez, Lucho Caballero, Manuel Malou, Miguel Ram\u00f3n, Nando Cruz, Ramon Aragall, Txarly Brown, Xarim Arest\u00e9 i Xavi Estr\u00edngana<\/pre>\n\n\n\n<div style=\"height:30px\" aria-hidden=\"true\" class=\"wp-block-spacer\"><\/div>\n\n\n\n<h4 class=\"wp-block-heading\">FITXA T\u00c8CNICA<\/h4>\n\n\n\n<pre class=\"wp-block-preformatted has-cyan-bluish-gray-background-color has-background\">DURADA: 78\u2032\nG\u00c8NERE: Documental musical\nFORMAT GRAVACI\u00d3: HD 16:9\nFORMAT PROJECCI\u00d3: DCP, ProRes o H264\nIDIOMA: catal\u00e0 i castell\u00e0\nSUBT\u00cdTOLS: castell\u00e0 i angl\u00e8s\nANY: 2018<\/pre>\n\n\n\n<div style=\"height:30px\" aria-hidden=\"true\" class=\"wp-block-spacer\"><\/div>\n\n\n\n<h4 class=\"wp-block-heading\">EQUIP<\/h4>\n\n\n\n<pre class=\"wp-block-preformatted has-cyan-bluish-gray-background-color has-background\">C\u00c0MERA: Nando Caballero<br>C\u00c0MERES CONCERT L'HELIOG\u00c0BAL: Adri\u00e0 Sunyol i Arnau Rovira<br>SO DIRECTE: Roger Riera, Montse Ben\u00edtez i Nando Caballero<br>MUNTATGE D'\u00c0UDIO: Iv\u00e1n Arroyes i Josema Rubio<br>DISSENY GR\u00c0FIC I TIPOGRAFIES: Txarly Brown<br>PRODUCCI\u00d3 EXECUTIVA: Montse Ben\u00edtez<br>M\u00daSICA: Pantanito<br>GUI\u00d3, DIRECCI\u00d3, MUNTATGE I ETALONATGE: Nando Caballero<\/pre>\n\n\n\n<div style=\"height:30px\" aria-hidden=\"true\" class=\"wp-block-spacer\"><\/div>\n\n\n\n<h6 class=\"wp-block-heading\">Una producci\u00f3 de La Produktiva Films<\/h6>\n","protected":false},"excerpt":{"rendered":"<p>reinventant la rumba Jos\u00e9 Antonio Bejarano &#8220;Pantanito&#8221; \u00e9s un rumbero amb cor roquer que, a principis del segle XXI, es va inventar el terme Neocalorrisme revitalitzant la rumba des del centre de Barcelona i reivindicant una altra manera de fer les coses a trav\u00e9s de l&#8217;underground, la transgressi\u00f3, la fusi\u00f3 i la llibertat. Aquest documental [&hellip;]<\/p>\n","protected":false},"author":1,"featured_media":2932,"parent":0,"menu_order":0,"comment_status":"closed","ping_status":"closed","template":"","meta":{"footnotes":""},"class_list":["post-791","page","type-page","status-publish","has-post-thumbnail","hentry"],"_links":{"self":[{"href":"https:\/\/www.laproduktiva.com\/films\/wp-json\/wp\/v2\/pages\/791","targetHints":{"allow":["GET"]}}],"collection":[{"href":"https:\/\/www.laproduktiva.com\/films\/wp-json\/wp\/v2\/pages"}],"about":[{"href":"https:\/\/www.laproduktiva.com\/films\/wp-json\/wp\/v2\/types\/page"}],"author":[{"embeddable":true,"href":"https:\/\/www.laproduktiva.com\/films\/wp-json\/wp\/v2\/users\/1"}],"replies":[{"embeddable":true,"href":"https:\/\/www.laproduktiva.com\/films\/wp-json\/wp\/v2\/comments?post=791"}],"version-history":[{"count":64,"href":"https:\/\/www.laproduktiva.com\/films\/wp-json\/wp\/v2\/pages\/791\/revisions"}],"predecessor-version":[{"id":2962,"href":"https:\/\/www.laproduktiva.com\/films\/wp-json\/wp\/v2\/pages\/791\/revisions\/2962"}],"wp:featuredmedia":[{"embeddable":true,"href":"https:\/\/www.laproduktiva.com\/films\/wp-json\/wp\/v2\/media\/2932"}],"wp:attachment":[{"href":"https:\/\/www.laproduktiva.com\/films\/wp-json\/wp\/v2\/media?parent=791"}],"curies":[{"name":"wp","href":"https:\/\/api.w.org\/{rel}","templated":true}]}}

<div style="height:60px" aria-hidden="true" class="wp-block-spacer"></div>



<div class="wp-block-media-text alignwide is-stacked-on-mobile is-vertically-aligned-center" style="grid-template-columns:35% auto"><figure class="wp-block-media-text__media"><a href="https://www.laproduktiva.com/films/wp-content/uploads/PosterPequeOK.png" target="_blank" rel="noreferrer noopener"><img loading="lazy" decoding="async" width="723" height="1024" src="https://www.laproduktiva.com/films/wp-content/uploads/PosterPequeOK-723x1024.png" alt="" class="wp-image-872 size-full" srcset="https://www.laproduktiva.com/films/wp-content/uploads/PosterPequeOK-723x1024.png 723w, https://www.laproduktiva.com/films/wp-content/uploads/PosterPequeOK-212x300.png 212w, https://www.laproduktiva.com/films/wp-content/uploads/PosterPequeOK-768x1087.png 768w, https://www.laproduktiva.com/films/wp-content/uploads/PosterPequeOK.png 842w" sizes="auto, (max-width: 723px) 100vw, 723px" /></a></figure><div class="wp-block-media-text__content">
<h4 class="wp-block-heading">reinventant la rumba</h4>



<p>José Antonio Bejarano &#8220;Pantanito&#8221; és un rumbero amb cor roquer que, a principis del segle XXI, es va inventar el terme Neocalorrisme revitalitzant la rumba des del centre de Barcelona i reivindicant una altra manera de fer les coses a través de l&#8217;underground, la transgressió, la fusió i la llibertat. Aquest documental gira entorn d&#8217;ell i la seva visió paia de la rumba, però també gira al voltant de Madrid, Vallecas i el so Caño Roto, per exemple, ventilant opinions de músics i periodistes al voltant d&#8217;un gènere odiat i estimat per part iguals.</p>
</div></div>



<div style="height:30px" aria-hidden="true" class="wp-block-spacer"></div>



<h4 class="wp-block-heading">SELECCIONS</h4>



<div class="wp-block-columns is-layout-flex wp-container-core-columns-is-layout-28f84493 wp-block-columns-is-layout-flex">
<div class="wp-block-column is-layout-flow wp-block-column-is-layout-flow" style="flex-basis:170px">
<figure class="wp-block-image size-full wp-duotone-unset-1"><img loading="lazy" decoding="async" width="150" height="98" src="https://www.laproduktiva.com/films/wp-content/uploads/ineditpantanito.png" alt="" class="wp-image-850"/></figure>
</div>



<div class="wp-block-column is-layout-flow wp-block-column-is-layout-flow">
<figure class="wp-block-image size-full wp-duotone-unset-2"><img loading="lazy" decoding="async" width="150" height="98" src="https://www.laproduktiva.com/films/wp-content/uploads/dumbo19.png" alt="" class="wp-image-1286"/></figure>
</div>
</div>



<div style="height:30px" aria-hidden="true" class="wp-block-spacer"></div>



<h4 class="wp-block-heading">VEURE el documental</h4>



<div class="wp-block-columns is-layout-flex wp-container-core-columns-is-layout-28f84493 wp-block-columns-is-layout-flex">
<div class="wp-block-column is-layout-flow wp-block-column-is-layout-flow" style="flex-basis:170px">
<figure class="wp-block-image size-thumbnail wp-duotone-unset-3"><a href="https://www.filmin.es/pelicula/neocalorrismo-rumbanroll" target="_blank" rel="noreferrer noopener"><img loading="lazy" decoding="async" width="150" height="150" src="https://www.laproduktiva.com/films/wp-content/uploads/FILMIN-150x150.png" alt="" class="wp-image-2155" srcset="https://www.laproduktiva.com/films/wp-content/uploads/FILMIN-150x150.png 150w, https://www.laproduktiva.com/films/wp-content/uploads/FILMIN-300x300.png 300w, https://www.laproduktiva.com/films/wp-content/uploads/FILMIN.png 1024w, https://www.laproduktiva.com/films/wp-content/uploads/FILMIN-768x768.png 768w" sizes="auto, (max-width: 150px) 100vw, 150px" /></a></figure>
</div>



<div class="wp-block-column is-layout-flow wp-block-column-is-layout-flow">
<figure class="wp-block-image alignleft size-thumbnail wp-duotone-unset-4"><a href="https://www.filmin.cat/pelicula/neocalorrismo-rumbanroll" target="_blank" rel=" noreferrer noopener"><img loading="lazy" decoding="async" width="150" height="150" src="https://www.laproduktiva.com/films/wp-content/uploads/filmincat-150x150.png" alt="" class="wp-image-2523" srcset="https://www.laproduktiva.com/films/wp-content/uploads/filmincat-150x150.png 150w, https://www.laproduktiva.com/films/wp-content/uploads/filmincat.png 225w" sizes="auto, (max-width: 150px) 100vw, 150px" /></a></figure>
</div>
</div>



<div style="height:30px" aria-hidden="true" class="wp-block-spacer"></div>



<h4 class="wp-block-heading">PROJECCIONS</h4>



<pre class="wp-block-preformatted has-cyan-bluish-gray-background-color has-background">31/03/2022 - Fundació SGAE, València<br>28/02/2021 - BCN TV (betevé) Música Moderna <br>19/10/2019 - Delia Records, Madrid<br>20/07/2019 - L'Estruch, Sabadell<br>10/04/2019 - Sala Berlanga, Madrid<br>09/04/2019 - Sala Berlanga, Madrid<br>03/11/2018 - Festival In-Edit, CC Albareda, BCN<br>02/11/2018 - Festival In-Edit, Aribau Multicines, BCN<br>30/10/2018 - Festival In-Edit, Aribau Multicines, BCN<br>26/10/2018 - Festival In-Edit, CC Farinera del Clot, BCN</pre>



<div style="height:30px" aria-hidden="true" class="wp-block-spacer"></div>



<h4 class="wp-block-heading">TEASERS</h4>



<figure class="wp-block-embed is-type-video is-provider-vimeo wp-block-embed-vimeo wp-embed-aspect-16-9 wp-has-aspect-ratio"><div class="wp-block-embed__wrapper">
<iframe loading="lazy" title="Neocalorrismo &amp; Rumba&#039;n&#039;Roll - Teaser 1" src="https://player.vimeo.com/video/271338731?dnt=1&amp;app_id=122963" width="500" height="281" frameborder="0" allow="autoplay; fullscreen; picture-in-picture; clipboard-write; encrypted-media; web-share" referrerpolicy="strict-origin-when-cross-origin"></iframe>
</div></figure>



<div style="height:10px" aria-hidden="true" class="wp-block-spacer"></div>



<figure class="wp-block-embed is-type-video is-provider-vimeo wp-block-embed-vimeo wp-embed-aspect-16-9 wp-has-aspect-ratio"><div class="wp-block-embed__wrapper">
<iframe loading="lazy" title="Neocalorrismo &amp; Rumba’n’Roll - Teaser 2" src="https://player.vimeo.com/video/277249763?dnt=1&amp;app_id=122963" width="500" height="281" frameborder="0" allow="autoplay; fullscreen; picture-in-picture; clipboard-write; encrypted-media; web-share" referrerpolicy="strict-origin-when-cross-origin"></iframe>
</div></figure>



<div style="height:30px" aria-hidden="true" class="wp-block-spacer"></div>



<h4 class="wp-block-heading">FOTOS RODATGE</h4>



<div class="wp-block-group is-layout-constrained wp-block-group-is-layout-constrained">
<div class="wp-block-columns is-layout-flex wp-container-core-columns-is-layout-28f84493 wp-block-columns-is-layout-flex">
<div class="wp-block-column is-layout-flow wp-block-column-is-layout-flow" style="flex-basis:100%">
<h4 class="wp-block-heading has-text-align-center has-white-color has-primary-background-color has-text-color has-background has-link-color wp-elements-4e7ddb22b21692878b69f2c3b6707d27"><a href="https://flic.kr/s/aHsm2TtZXZ" target="_blank" rel="noreferrer noopener">https://flic.kr/s/aHsm2TtZXZ</a></h4>
</div>
</div>
</div>



<div style="height:30px" aria-hidden="true" class="wp-block-spacer"></div>



<h4 class="wp-block-heading">PROTAGONISTES (PER ORDRE ALFABÈTIC)</h4>



<pre class="wp-block-preformatted has-cyan-bluish-gray-background-color has-background">Alícia Rodríguez, Antonio Jiménez Silva, Carles Mestre, Clara Bejarano, César Prieto, Daniel Gutiérrez Collia, David Italiano, Enric Pedascoll, Jordi Turtós, Jose A. Bejarano “Pantanito”, José Manuel Gómez “Gufi”, Lluís Sánchez, Lucho Caballero, Manuel Malou, Miguel Ramón, Nando Cruz, Ramon Aragall, Txarly Brown, Xarim Aresté i Xavi Estríngana</pre>



<div style="height:30px" aria-hidden="true" class="wp-block-spacer"></div>



<h4 class="wp-block-heading">FITXA TÈCNICA</h4>



<pre class="wp-block-preformatted has-cyan-bluish-gray-background-color has-background">DURADA: 78′
GÈNERE: Documental musical
FORMAT GRAVACIÓ: HD 16:9
FORMAT PROJECCIÓ: DCP, ProRes o H264
IDIOMA: català i castellà
SUBTÍTOLS: castellà i anglès
ANY: 2018</pre>



<div style="height:30px" aria-hidden="true" class="wp-block-spacer"></div>



<h4 class="wp-block-heading">EQUIP</h4>



<pre class="wp-block-preformatted has-cyan-bluish-gray-background-color has-background">CÀMERA: Nando Caballero<br>CÀMERES CONCERT L'HELIOGÀBAL: Adrià Sunyol i Arnau Rovira<br>SO DIRECTE: Roger Riera, Montse Benítez i Nando Caballero<br>MUNTATGE D'ÀUDIO: Iván Arroyes i Josema Rubio<br>DISSENY GRÀFIC I TIPOGRAFIES: Txarly Brown<br>PRODUCCIÓ EXECUTIVA: Montse Benítez<br>MÚSICA: Pantanito<br>GUIÓ, DIRECCIÓ, MUNTATGE I ETALONATGE: Nando Caballero</pre>



<div style="height:30px" aria-hidden="true" class="wp-block-spacer"></div>



<h6 class="wp-block-heading">Una producció de La Produktiva Films</h6>

<p>reinventant la rumba José Antonio Bejarano &#8220;Pantanito&#8221; és un rumbero amb cor roquer que, a principis del segle XXI, es va inventar el terme Neocalorrisme revitalitzant la rumba des del centre de Barcelona i reivindicant una altra manera de fer les coses a través de l&#8217;underground, la transgressió, la fusió i la llibertat. Aquest documental [&hellip;]</p>
