{"id":3159,"date":"2025-09-19T18:10:14","date_gmt":"2025-09-19T18:10:14","guid":{"rendered":"https:\/\/www.laproduktiva.com\/films\/?page_id=3159"},"modified":"2025-10-21T10:16:32","modified_gmt":"2025-10-21T10:16:32","slug":"guffin-the-clown","status":"publish","type":"page","link":"https:\/\/www.laproduktiva.com\/films\/guffin-the-clown\/","title":{"rendered":"Guffin the Clown"},"content":{"rendered":"\n<div style=\"height:60px\" aria-hidden=\"true\" class=\"wp-block-spacer\"><\/div>\n\n\n\n<div class=\"wp-block-media-text alignwide is-stacked-on-mobile is-vertically-aligned-center\" style=\"grid-template-columns:35% auto\"><figure class=\"wp-block-media-text__media\"><a href=\"https:\/\/www.laproduktiva.com\/films\/wp-content\/uploads\/Cartell-Guffin-E1_2-1-scaled.png\" target=\"_blank\" rel=\"noreferrer noopener\"><img loading=\"lazy\" decoding=\"async\" width=\"724\" height=\"1024\" src=\"https:\/\/www.laproduktiva.com\/films\/wp-content\/uploads\/Cartell-Guffin-E1_2-1-724x1024.png\" alt=\"\" class=\"wp-image-3181 size-full\" srcset=\"https:\/\/www.laproduktiva.com\/films\/wp-content\/uploads\/Cartell-Guffin-E1_2-1-724x1024.png 724w, https:\/\/www.laproduktiva.com\/films\/wp-content\/uploads\/Cartell-Guffin-E1_2-1-212x300.png 212w, https:\/\/www.laproduktiva.com\/films\/wp-content\/uploads\/Cartell-Guffin-E1_2-1-768x1086.png 768w, https:\/\/www.laproduktiva.com\/films\/wp-content\/uploads\/Cartell-Guffin-E1_2-1-1086x1536.png 1086w, https:\/\/www.laproduktiva.com\/films\/wp-content\/uploads\/Cartell-Guffin-E1_2-1-1448x2048.png 1448w, https:\/\/www.laproduktiva.com\/films\/wp-content\/uploads\/Cartell-Guffin-E1_2-1-scaled.png 1810w\" sizes=\"auto, (max-width: 724px) 100vw, 724px\" \/><\/a><\/figure><div class=\"wp-block-media-text__content\">\n<p>Dos curtmetratges pel preu d\u2019un!<\/p>\n\n\n\n<p>&#8220;Guffin the Clown. Episodis 1 i 2&#8221; recull dos curtmetratges amb un mateix protagonista, un recull d&#8217;hist\u00f2ries a l&#8217;estil Creepshow.<\/p>\n\n\n\n<p>El primer \u00e9s &#8220;L&#8217;ombra de Guffin&#8221;, de Xavier Guillaumes.<br>Sinopsi: Guffin \u00e9s el ninot del Carles, un decadent ventr\u00edloc. Potser la seva filla Cristina t\u00e9 noves idees per a fer un espectacle m\u00e9s actual que torni a omplir el teatre.<\/p>\n\n\n\n<p>El segon \u00e9s &#8220;L&#8217;\u00e0nima de les festes&#8221;, de Nando Caballero. <br>Sinopsi: en un taller abandonat, una dona es desperta confosa i envoltada d\u2019unes pres\u00e8ncies inquietants. El que sembla una broma es transforma en un malson.<\/p>\n\n\n\n<p>A m\u00e9s a m\u00e9s, tamb\u00e9 inclou un spin-off que dona pas i continu\u00eftat a les dues hist\u00f2ries.<\/p>\n<\/div><\/div>\n\n\n\n<div style=\"height:30px\" aria-hidden=\"true\" class=\"wp-block-spacer\"><\/div>\n\n\n\n<h4 class=\"wp-block-heading\">PROJECCIONS<\/h4>\n\n\n\n<pre class=\"wp-block-preformatted has-background\" style=\"background-color:#eeeeee\">Ben aviat...<\/pre>\n\n\n\n<div style=\"height:30px\" aria-hidden=\"true\" class=\"wp-block-spacer\"><\/div>\n\n\n\n<h4 class=\"wp-block-heading\">TRAILER<\/h4>\n\n\n\n<figure class=\"wp-block-embed is-type-video is-provider-vimeo wp-block-embed-vimeo wp-embed-aspect-16-9 wp-has-aspect-ratio\"><div class=\"wp-block-embed__wrapper\">\n<iframe loading=\"lazy\" title=\"Trailer &quot;Guffin the Clown (Episodi 1 i 2)&quot;\" src=\"https:\/\/player.vimeo.com\/video\/1120862156?dnt=1&amp;app_id=122963\" width=\"500\" height=\"281\" frameborder=\"0\" allow=\"autoplay; fullscreen; picture-in-picture; clipboard-write; encrypted-media; web-share\" referrerpolicy=\"strict-origin-when-cross-origin\"><\/iframe>\n<\/div><\/figure>\n\n\n\n<div style=\"height:30px\" aria-hidden=\"true\" class=\"wp-block-spacer\"><\/div>\n\n\n\n<h4 class=\"wp-block-heading\">EQUIP &#8220;L&#8217;OMBRA DE GUFFIN&#8221;<\/h4>\n\n\n\n<pre class=\"wp-block-preformatted has-background\" style=\"background-color:#eeeeee\">Carles: Carlos Lafuente\t<br>Cristina: Cristina Alcayde\t<br>Guffin: Guffin The Clown<br><br>GUI\u00d3, DIRECCI\u00d3, C\u00c0MERA, MUNTATGE I COLOR: Xavier Guillaumes<br>ASSISTENT DE DIRECCI\u00d3: Naxo Fiol<\/pre>\n\n\n\n<div style=\"height:30px\" aria-hidden=\"true\" class=\"wp-block-spacer\"><\/div>\n\n\n\n<h4 class=\"wp-block-heading\">EQUIP &#8220;l&#8217;\u00c0NIMA DE LES FESTES&#8221;<\/h4>\n\n\n\n<pre class=\"wp-block-preformatted has-background\" style=\"background-color:#eeeeee\">Marta: Gisela Punt\u00ed<br>Pallasso: Guffin The Clown<br>Pere i veu Pallasso: Anskar Caballero<br><br>GUI\u00d3, DIRECCI\u00d3, C\u00c0MERA, FOTOGRAFIA, MUNTATGE I COLOR: Nando Caballero<br>AJUDANT DE DIRECCI\u00d3 I FOTOGRAFIA: Xavier Guillaumes<br>SO DIRECTE I FOTO FIXA: Rom Campanelli<br>M\u00daSICA: Stefan Kraft i Gaspar Monterde<\/pre>\n\n\n\n<div style=\"height:30px\" aria-hidden=\"true\" class=\"wp-block-spacer\"><\/div>\n\n\n\n<h4 class=\"wp-block-heading\">EQUIP SPIN-OFF<\/h4>\n\n\n\n<pre class=\"wp-block-preformatted has-background\" style=\"background-color:#eeeeee\">Pallasso: Miqui Clown<br>Guffin: Guffin the Clown<br>Presentador: Xavier Guillaumes<br><br>GUI\u00d3, C\u00c0MERA I MUNTATGE: Nando Caballero<br>SO DIRECTE: Montse Ben\u00edtez<br>VEU EN OFF: Oriol Puig<\/pre>\n\n\n\n<div style=\"height:40px\" aria-hidden=\"true\" class=\"wp-block-spacer\"><\/div>\n\n\n\n<h6 class=\"wp-block-heading\">Una producci\u00f3 de La Produktiva Films I OLD DARK HOUSE<\/h6>\n","protected":false},"excerpt":{"rendered":"<p>Dos curtmetratges pel preu d\u2019un! &#8220;Guffin the Clown. Episodis 1 i 2&#8221; recull dos curtmetratges amb un mateix protagonista, un recull d&#8217;hist\u00f2ries a l&#8217;estil Creepshow. El primer \u00e9s &#8220;L&#8217;ombra de Guffin&#8221;, de Xavier Guillaumes.Sinopsi: Guffin \u00e9s el ninot del Carles, un decadent ventr\u00edloc. Potser la seva filla Cristina t\u00e9 noves idees per a fer un [&hellip;]<\/p>\n","protected":false},"author":2,"featured_media":3172,"parent":0,"menu_order":0,"comment_status":"closed","ping_status":"closed","template":"","meta":{"footnotes":""},"class_list":["post-3159","page","type-page","status-publish","has-post-thumbnail","hentry"],"_links":{"self":[{"href":"https:\/\/www.laproduktiva.com\/films\/wp-json\/wp\/v2\/pages\/3159","targetHints":{"allow":["GET"]}}],"collection":[{"href":"https:\/\/www.laproduktiva.com\/films\/wp-json\/wp\/v2\/pages"}],"about":[{"href":"https:\/\/www.laproduktiva.com\/films\/wp-json\/wp\/v2\/types\/page"}],"author":[{"embeddable":true,"href":"https:\/\/www.laproduktiva.com\/films\/wp-json\/wp\/v2\/users\/2"}],"replies":[{"embeddable":true,"href":"https:\/\/www.laproduktiva.com\/films\/wp-json\/wp\/v2\/comments?post=3159"}],"version-history":[{"count":19,"href":"https:\/\/www.laproduktiva.com\/films\/wp-json\/wp\/v2\/pages\/3159\/revisions"}],"predecessor-version":[{"id":3220,"href":"https:\/\/www.laproduktiva.com\/films\/wp-json\/wp\/v2\/pages\/3159\/revisions\/3220"}],"wp:featuredmedia":[{"embeddable":true,"href":"https:\/\/www.laproduktiva.com\/films\/wp-json\/wp\/v2\/media\/3172"}],"wp:attachment":[{"href":"https:\/\/www.laproduktiva.com\/films\/wp-json\/wp\/v2\/media?parent=3159"}],"curies":[{"name":"wp","href":"https:\/\/api.w.org\/{rel}","templated":true}]}}

<div style="height:60px" aria-hidden="true" class="wp-block-spacer"></div>



<div class="wp-block-media-text alignwide is-stacked-on-mobile is-vertically-aligned-center" style="grid-template-columns:35% auto"><figure class="wp-block-media-text__media"><a href="https://www.laproduktiva.com/films/wp-content/uploads/Cartell-Guffin-E1_2-1-scaled.png" target="_blank" rel="noreferrer noopener"><img loading="lazy" decoding="async" width="724" height="1024" src="https://www.laproduktiva.com/films/wp-content/uploads/Cartell-Guffin-E1_2-1-724x1024.png" alt="" class="wp-image-3181 size-full" srcset="https://www.laproduktiva.com/films/wp-content/uploads/Cartell-Guffin-E1_2-1-724x1024.png 724w, https://www.laproduktiva.com/films/wp-content/uploads/Cartell-Guffin-E1_2-1-212x300.png 212w, https://www.laproduktiva.com/films/wp-content/uploads/Cartell-Guffin-E1_2-1-768x1086.png 768w, https://www.laproduktiva.com/films/wp-content/uploads/Cartell-Guffin-E1_2-1-1086x1536.png 1086w, https://www.laproduktiva.com/films/wp-content/uploads/Cartell-Guffin-E1_2-1-1448x2048.png 1448w, https://www.laproduktiva.com/films/wp-content/uploads/Cartell-Guffin-E1_2-1-scaled.png 1810w" sizes="auto, (max-width: 724px) 100vw, 724px" /></a></figure><div class="wp-block-media-text__content">
<p>Dos curtmetratges pel preu d’un!</p>



<p>&#8220;Guffin the Clown. Episodis 1 i 2&#8221; recull dos curtmetratges amb un mateix protagonista, un recull d&#8217;històries a l&#8217;estil Creepshow.</p>



<p>El primer és &#8220;L&#8217;ombra de Guffin&#8221;, de Xavier Guillaumes.<br>Sinopsi: Guffin és el ninot del Carles, un decadent ventríloc. Potser la seva filla Cristina té noves idees per a fer un espectacle més actual que torni a omplir el teatre.</p>



<p>El segon és &#8220;L&#8217;ànima de les festes&#8221;, de Nando Caballero. <br>Sinopsi: en un taller abandonat, una dona es desperta confosa i envoltada d’unes presències inquietants. El que sembla una broma es transforma en un malson.</p>



<p>A més a més, també inclou un spin-off que dona pas i continuïtat a les dues històries.</p>
</div></div>



<div style="height:30px" aria-hidden="true" class="wp-block-spacer"></div>



<h4 class="wp-block-heading">PROJECCIONS</h4>



<pre class="wp-block-preformatted has-background" style="background-color:#eeeeee">Ben aviat...</pre>



<div style="height:30px" aria-hidden="true" class="wp-block-spacer"></div>



<h4 class="wp-block-heading">TRAILER</h4>



<figure class="wp-block-embed is-type-video is-provider-vimeo wp-block-embed-vimeo wp-embed-aspect-16-9 wp-has-aspect-ratio"><div class="wp-block-embed__wrapper">
<iframe loading="lazy" title="Trailer &quot;Guffin the Clown (Episodi 1 i 2)&quot;" src="https://player.vimeo.com/video/1120862156?dnt=1&amp;app_id=122963" width="500" height="281" frameborder="0" allow="autoplay; fullscreen; picture-in-picture; clipboard-write; encrypted-media; web-share" referrerpolicy="strict-origin-when-cross-origin"></iframe>
</div></figure>



<div style="height:30px" aria-hidden="true" class="wp-block-spacer"></div>



<h4 class="wp-block-heading">EQUIP &#8220;L&#8217;OMBRA DE GUFFIN&#8221;</h4>



<pre class="wp-block-preformatted has-background" style="background-color:#eeeeee">Carles: Carlos Lafuente	<br>Cristina: Cristina Alcayde	<br>Guffin: Guffin The Clown<br><br>GUIÓ, DIRECCIÓ, CÀMERA, MUNTATGE I COLOR: Xavier Guillaumes<br>ASSISTENT DE DIRECCIÓ: Naxo Fiol</pre>



<div style="height:30px" aria-hidden="true" class="wp-block-spacer"></div>



<h4 class="wp-block-heading">EQUIP &#8220;l&#8217;ÀNIMA DE LES FESTES&#8221;</h4>



<pre class="wp-block-preformatted has-background" style="background-color:#eeeeee">Marta: Gisela Puntí<br>Pallasso: Guffin The Clown<br>Pere i veu Pallasso: Anskar Caballero<br><br>GUIÓ, DIRECCIÓ, CÀMERA, FOTOGRAFIA, MUNTATGE I COLOR: Nando Caballero<br>AJUDANT DE DIRECCIÓ I FOTOGRAFIA: Xavier Guillaumes<br>SO DIRECTE I FOTO FIXA: Rom Campanelli<br>MÚSICA: Stefan Kraft i Gaspar Monterde</pre>



<div style="height:30px" aria-hidden="true" class="wp-block-spacer"></div>



<h4 class="wp-block-heading">EQUIP SPIN-OFF</h4>



<pre class="wp-block-preformatted has-background" style="background-color:#eeeeee">Pallasso: Miqui Clown<br>Guffin: Guffin the Clown<br>Presentador: Xavier Guillaumes<br><br>GUIÓ, CÀMERA I MUNTATGE: Nando Caballero<br>SO DIRECTE: Montse Benítez<br>VEU EN OFF: Oriol Puig</pre>



<div style="height:40px" aria-hidden="true" class="wp-block-spacer"></div>



<h6 class="wp-block-heading">Una producció de La Produktiva Films I OLD DARK HOUSE</h6>

<p>Dos curtmetratges pel preu d’un! &#8220;Guffin the Clown. Episodis 1 i 2&#8221; recull dos curtmetratges amb un mateix protagonista, un recull d&#8217;històries a l&#8217;estil Creepshow. El primer és &#8220;L&#8217;ombra de Guffin&#8221;, de Xavier Guillaumes.Sinopsi: Guffin és el ninot del Carles, un decadent ventríloc. Potser la seva filla Cristina té noves idees per a fer un [&hellip;]</p>
