{"id":2428,"date":"2025-03-30T21:16:34","date_gmt":"2025-03-30T21:16:34","guid":{"rendered":"https:\/\/www.laproduktiva.com\/films\/?page_id=2428"},"modified":"2026-02-20T12:08:49","modified_gmt":"2026-02-20T12:08:49","slug":"clams-fent-espai-a-lamor","status":"publish","type":"page","link":"https:\/\/www.laproduktiva.com\/films\/clams-fent-espai-a-lamor\/","title":{"rendered":"CLAMS, fent espai a l&#8217;amor"},"content":{"rendered":"\n<div style=\"height:60px\" aria-hidden=\"true\" class=\"wp-block-spacer\"><\/div>\n\n\n\n<div class=\"wp-block-media-text alignwide is-stacked-on-mobile is-vertically-aligned-center\" style=\"grid-template-columns:35% auto\"><figure class=\"wp-block-media-text__media\"><a href=\"https:\/\/www.laproduktiva.com\/films\/wp-content\/uploads\/Cartell-docu-Clams-xarxes.png\" target=\"_blank\" rel=\"noreferrer noopener\"><img loading=\"lazy\" decoding=\"async\" width=\"724\" height=\"1024\" src=\"https:\/\/www.laproduktiva.com\/films\/wp-content\/uploads\/Cartell-docu-Clams-xarxes-724x1024.png\" alt=\"\" class=\"wp-image-2437 size-full\" srcset=\"https:\/\/www.laproduktiva.com\/films\/wp-content\/uploads\/Cartell-docu-Clams-xarxes-724x1024.png 724w, https:\/\/www.laproduktiva.com\/films\/wp-content\/uploads\/Cartell-docu-Clams-xarxes-212x300.png 212w, https:\/\/www.laproduktiva.com\/films\/wp-content\/uploads\/Cartell-docu-Clams-xarxes-768x1086.png 768w, https:\/\/www.laproduktiva.com\/films\/wp-content\/uploads\/Cartell-docu-Clams-xarxes-1086x1536.png 1086w, https:\/\/www.laproduktiva.com\/films\/wp-content\/uploads\/Cartell-docu-Clams-xarxes-1448x2048.png 1448w, https:\/\/www.laproduktiva.com\/films\/wp-content\/uploads\/Cartell-docu-Clams-xarxes.png 1754w\" sizes=\"auto, (max-width: 724px) 100vw, 724px\" \/><\/a><\/figure><div class=\"wp-block-media-text__content\">\n<h4 class=\"wp-block-heading\">Un documental social<\/h4>\n\n\n\n<p>CLAMS s\u00f3n una banda de pop\/rock ecl\u00e8ctica i inclusiva, que compta amb un grup de coristes de persones en situaci\u00f3 de discapacitat intel\u00b7lectual. La banda va sorgir de l\u2019\u00e8xit que va tenir el projecte M\u00fasica per a la Inclusi\u00f3, que t\u00e9 com a finalitat contribuir a canviar la mirada envers les persones en situaci\u00f3 de discapacitat. El 2023 el projecte va complir deu anys i La Produktiva Films els ha estat acompanyant a assajos, concerts i gravacions, per confeccionar aquest documental tan especial anomenat \u201cCLAMS, fent espai a l\u2019amor\u201d.<\/p>\n<\/div><\/div>\n\n\n\n<div style=\"height:30px\" aria-hidden=\"true\" class=\"wp-block-spacer\"><\/div>\n\n\n\n<h4 class=\"wp-block-heading\">PROJECCIONS i seleccions<\/h4>\n\n\n\n<div class=\"wp-block-columns is-layout-flex wp-container-core-columns-is-layout-28f84493 wp-block-columns-is-layout-flex\">\n<div class=\"wp-block-column is-layout-constrained wp-block-column-is-layout-constrained\" style=\"flex-basis:100%\">\n<pre class=\"wp-block-preformatted has-cyan-bluish-gray-background-color has-background\"><strong>2025<\/strong><br><br>Centre C\u00edvic Albareda (Barcelona)<br>Boden Int. Film Festival (Su\u00e8cia)<br>MLIFF City of Spilimbergo (It\u00e0lia)<br>Premis Oriana (Sant Andreu de la Barca) <br>Festival Internacional de Cine de Yopal (Col\u00f2mbia)<br>Euro Indie Music Film Fest<br>Versonar, Festival de la M\u00fasica en el Cine (Xile)<\/pre>\n<\/div>\n<\/div>\n\n\n\n<div style=\"height:30px\" aria-hidden=\"true\" class=\"wp-block-spacer\"><\/div>\n\n\n\n<h4 class=\"wp-block-heading\">TEASER<\/h4>\n\n\n\n<figure class=\"wp-block-embed is-type-video is-provider-vimeo wp-block-embed-vimeo wp-embed-aspect-16-9 wp-has-aspect-ratio\"><div class=\"wp-block-embed__wrapper\">\n<iframe loading=\"lazy\" title=\"Tr\u00e0iler del documental &quot;CLAMS, fent espai a l&#039;amor&quot;\" src=\"https:\/\/player.vimeo.com\/video\/1071756914?dnt=1&amp;app_id=122963\" width=\"500\" height=\"281\" frameborder=\"0\" allow=\"autoplay; fullscreen; picture-in-picture; clipboard-write; encrypted-media; web-share\" referrerpolicy=\"strict-origin-when-cross-origin\"><\/iframe>\n<\/div><\/figure>\n\n\n\n<div style=\"height:30px\" aria-hidden=\"true\" class=\"wp-block-spacer\"><\/div>\n\n\n\n<h4 class=\"wp-block-heading\">FOTOS I FOTOGRAMES<\/h4>\n\n\n\n<div class=\"wp-block-columns is-layout-flex wp-container-core-columns-is-layout-28f84493 wp-block-columns-is-layout-flex\">\n<div class=\"wp-block-column is-layout-flow wp-block-column-is-layout-flow\" style=\"flex-basis:100%\">\n<h4 class=\"wp-block-heading has-text-align-center has-white-color has-primary-background-color has-text-color has-background has-link-color wp-elements-2abe31ad0efc4f3f90d0c3e17a903c36\"><a href=\"https:\/\/flic.kr\/s\/aHBqjC7hEz\" target=\"_blank\" rel=\"noreferrer noopener\">https:\/\/flic.kr\/s\/aHBqjC7hEz<\/a><\/h4>\n<\/div>\n<\/div>\n\n\n\n<div style=\"height:30px\" aria-hidden=\"true\" class=\"wp-block-spacer\"><\/div>\n\n\n\n<h4 class=\"wp-block-heading\">PROTAGONISTES (PER ORDRE ALFAB\u00c8TIC)<\/h4>\n\n\n\n<div class=\"wp-block-columns is-layout-flex wp-container-core-columns-is-layout-28f84493 wp-block-columns-is-layout-flex\">\n<div class=\"wp-block-column is-layout-flow wp-block-column-is-layout-flow\" style=\"flex-basis:100%\">\n<pre class=\"wp-block-preformatted has-cyan-bluish-gray-background-color has-background\">Alicia Lantaron, Bea Garcia, Carla Rabasa, David Ubi\u00f1ana, Eli Sancho, Helena Castells, Judith Campos, Laura De Jos\u00e9, Mar\u00eda Giurgila, Mireia Jordan, Oriol Grabalosa, Sara G\u00f3mez, Sergi Martinez, Albert Rams \u201cRet\u201d, \u00c0lex Torio, Bego\u00f1a Alberdi, Clara Luna, David Mart\u00ednez, Elisabet Bail\u00e9n, Georgina Canadell, Guillem Beltr\u00e1n, Jes\u00fas Rovira, Jofre Bardag\u00ed, Jordi Ribas, Josep Maria Arroyo, Josep Oliv\u00e9, Juan Carlos Luque, Marga Rius, Maria Canut, Marina Prades, Meritxell Cirach, Nacho Oliv\u00e9, N\u00faria Valls, Ona Fern\u00e1ndez, Ramon Fit\u00f3, Turu Fern\u00e1ndez, Victor Gorriti, Victor Vico, Xavi Vidal.<\/pre>\n<\/div>\n<\/div>\n\n\n\n<div style=\"height:30px\" aria-hidden=\"true\" class=\"wp-block-spacer\"><\/div>\n\n\n\n<h4 class=\"wp-block-heading\">FITXA T\u00c8CNICA<\/h4>\n\n\n\n<div style=\"height:0px\" aria-hidden=\"true\" class=\"wp-block-spacer\"><\/div>\n\n\n\n<div class=\"wp-block-columns is-layout-flex wp-container-core-columns-is-layout-28f84493 wp-block-columns-is-layout-flex\">\n<div class=\"wp-block-column is-layout-flow wp-block-column-is-layout-flow\" style=\"flex-basis:100%\">\n<pre class=\"wp-block-preformatted has-cyan-bluish-gray-background-color has-background\">DURADA: 85'<br>G\u00c8NERE: Documental musical<br>FORMAT GRAVACI\u00d3: 4K<br>FORMAT PROJECCI\u00d3: DCP, ProRes o H264<br>IDIOMA: catal\u00e0<br>SUBT\u00cdTOLS: catal\u00e0 CC, castell\u00e0 CC, angl\u00e8s CC<br>ANY: 2025<\/pre>\n<\/div>\n<\/div>\n\n\n\n<div style=\"height:30px\" aria-hidden=\"true\" class=\"wp-block-spacer\"><\/div>\n\n\n\n<h4 class=\"wp-block-heading\">EQUIP<\/h4>\n\n\n\n<div class=\"wp-block-columns is-layout-flex wp-container-core-columns-is-layout-28f84493 wp-block-columns-is-layout-flex\">\n<div class=\"wp-block-column is-layout-flow wp-block-column-is-layout-flow\" style=\"flex-basis:100%\">\n<pre class=\"wp-block-preformatted has-cyan-bluish-gray-background-color has-background\">C\u00c0MERES: Roger March, Jose Pi\u00f1a i Nando Caballero<br>SO DIRECTE: Montse Ben\u00edtez i Nando Caballero<br>\u00c0UDIO CONCERT LUZ DE GAS: Albert Rams<br>SO DIRECTE LUZ DE GAS: Kai Canahuate Anguera<br>M\u00daSICA: CLAMS<br>PRODUCCI\u00d3: Turu Fern\u00e1ndez<br>GUI\u00d3, DIRECCI\u00d3, MESCLA \u00c0UDIO, MUNTATGE I ETALONATGE: Nando Caballero<\/pre>\n<\/div>\n<\/div>\n\n\n\n<div style=\"height:30px\" aria-hidden=\"true\" class=\"wp-block-spacer\"><\/div>\n\n\n\n<h6 class=\"wp-block-heading\">Una producci\u00f3 de La Produktiva Films<\/h6>\n","protected":false},"excerpt":{"rendered":"<p>Un documental social CLAMS s\u00f3n una banda de pop\/rock ecl\u00e8ctica i inclusiva, que compta amb un grup de coristes de persones en situaci\u00f3 de discapacitat intel\u00b7lectual. La banda va sorgir de l\u2019\u00e8xit que va tenir el projecte M\u00fasica per a la Inclusi\u00f3, que t\u00e9 com a finalitat contribuir a canviar la mirada envers les persones [&hellip;]<\/p>\n","protected":false},"author":1,"featured_media":2866,"parent":0,"menu_order":0,"comment_status":"closed","ping_status":"closed","template":"","meta":{"footnotes":""},"class_list":["post-2428","page","type-page","status-publish","has-post-thumbnail","hentry"],"_links":{"self":[{"href":"https:\/\/www.laproduktiva.com\/films\/wp-json\/wp\/v2\/pages\/2428","targetHints":{"allow":["GET"]}}],"collection":[{"href":"https:\/\/www.laproduktiva.com\/films\/wp-json\/wp\/v2\/pages"}],"about":[{"href":"https:\/\/www.laproduktiva.com\/films\/wp-json\/wp\/v2\/types\/page"}],"author":[{"embeddable":true,"href":"https:\/\/www.laproduktiva.com\/films\/wp-json\/wp\/v2\/users\/1"}],"replies":[{"embeddable":true,"href":"https:\/\/www.laproduktiva.com\/films\/wp-json\/wp\/v2\/comments?post=2428"}],"version-history":[{"count":53,"href":"https:\/\/www.laproduktiva.com\/films\/wp-json\/wp\/v2\/pages\/2428\/revisions"}],"predecessor-version":[{"id":3357,"href":"https:\/\/www.laproduktiva.com\/films\/wp-json\/wp\/v2\/pages\/2428\/revisions\/3357"}],"wp:featuredmedia":[{"embeddable":true,"href":"https:\/\/www.laproduktiva.com\/films\/wp-json\/wp\/v2\/media\/2866"}],"wp:attachment":[{"href":"https:\/\/www.laproduktiva.com\/films\/wp-json\/wp\/v2\/media?parent=2428"}],"curies":[{"name":"wp","href":"https:\/\/api.w.org\/{rel}","templated":true}]}}

<div style="height:60px" aria-hidden="true" class="wp-block-spacer"></div>



<div class="wp-block-media-text alignwide is-stacked-on-mobile is-vertically-aligned-center" style="grid-template-columns:35% auto"><figure class="wp-block-media-text__media"><a href="https://www.laproduktiva.com/films/wp-content/uploads/Cartell-docu-Clams-xarxes.png" target="_blank" rel="noreferrer noopener"><img loading="lazy" decoding="async" width="724" height="1024" src="https://www.laproduktiva.com/films/wp-content/uploads/Cartell-docu-Clams-xarxes-724x1024.png" alt="" class="wp-image-2437 size-full" srcset="https://www.laproduktiva.com/films/wp-content/uploads/Cartell-docu-Clams-xarxes-724x1024.png 724w, https://www.laproduktiva.com/films/wp-content/uploads/Cartell-docu-Clams-xarxes-212x300.png 212w, https://www.laproduktiva.com/films/wp-content/uploads/Cartell-docu-Clams-xarxes-768x1086.png 768w, https://www.laproduktiva.com/films/wp-content/uploads/Cartell-docu-Clams-xarxes-1086x1536.png 1086w, https://www.laproduktiva.com/films/wp-content/uploads/Cartell-docu-Clams-xarxes-1448x2048.png 1448w, https://www.laproduktiva.com/films/wp-content/uploads/Cartell-docu-Clams-xarxes.png 1754w" sizes="auto, (max-width: 724px) 100vw, 724px" /></a></figure><div class="wp-block-media-text__content">
<h4 class="wp-block-heading">Un documental social</h4>



<p>CLAMS són una banda de pop/rock eclèctica i inclusiva, que compta amb un grup de coristes de persones en situació de discapacitat intel·lectual. La banda va sorgir de l’èxit que va tenir el projecte Música per a la Inclusió, que té com a finalitat contribuir a canviar la mirada envers les persones en situació de discapacitat. El 2023 el projecte va complir deu anys i La Produktiva Films els ha estat acompanyant a assajos, concerts i gravacions, per confeccionar aquest documental tan especial anomenat “CLAMS, fent espai a l’amor”.</p>
</div></div>



<div style="height:30px" aria-hidden="true" class="wp-block-spacer"></div>



<h4 class="wp-block-heading">PROJECCIONS i seleccions</h4>



<div class="wp-block-columns is-layout-flex wp-container-core-columns-is-layout-28f84493 wp-block-columns-is-layout-flex">
<div class="wp-block-column is-layout-constrained wp-block-column-is-layout-constrained" style="flex-basis:100%">
<pre class="wp-block-preformatted has-cyan-bluish-gray-background-color has-background"><strong>2025</strong><br><br>Centre Cívic Albareda (Barcelona)<br>Boden Int. Film Festival (Suècia)<br>MLIFF City of Spilimbergo (Itàlia)<br>Premis Oriana (Sant Andreu de la Barca) <br>Festival Internacional de Cine de Yopal (Colòmbia)<br>Euro Indie Music Film Fest<br>Versonar, Festival de la Música en el Cine (Xile)</pre>
</div>
</div>



<div style="height:30px" aria-hidden="true" class="wp-block-spacer"></div>



<h4 class="wp-block-heading">TEASER</h4>



<figure class="wp-block-embed is-type-video is-provider-vimeo wp-block-embed-vimeo wp-embed-aspect-16-9 wp-has-aspect-ratio"><div class="wp-block-embed__wrapper">
<iframe loading="lazy" title="Tràiler del documental &quot;CLAMS, fent espai a l&#039;amor&quot;" src="https://player.vimeo.com/video/1071756914?dnt=1&amp;app_id=122963" width="500" height="281" frameborder="0" allow="autoplay; fullscreen; picture-in-picture; clipboard-write; encrypted-media; web-share" referrerpolicy="strict-origin-when-cross-origin"></iframe>
</div></figure>



<div style="height:30px" aria-hidden="true" class="wp-block-spacer"></div>



<h4 class="wp-block-heading">FOTOS I FOTOGRAMES</h4>



<div class="wp-block-columns is-layout-flex wp-container-core-columns-is-layout-28f84493 wp-block-columns-is-layout-flex">
<div class="wp-block-column is-layout-flow wp-block-column-is-layout-flow" style="flex-basis:100%">
<h4 class="wp-block-heading has-text-align-center has-white-color has-primary-background-color has-text-color has-background has-link-color wp-elements-2abe31ad0efc4f3f90d0c3e17a903c36"><a href="https://flic.kr/s/aHBqjC7hEz" target="_blank" rel="noreferrer noopener">https://flic.kr/s/aHBqjC7hEz</a></h4>
</div>
</div>



<div style="height:30px" aria-hidden="true" class="wp-block-spacer"></div>



<h4 class="wp-block-heading">PROTAGONISTES (PER ORDRE ALFABÈTIC)</h4>



<div class="wp-block-columns is-layout-flex wp-container-core-columns-is-layout-28f84493 wp-block-columns-is-layout-flex">
<div class="wp-block-column is-layout-flow wp-block-column-is-layout-flow" style="flex-basis:100%">
<pre class="wp-block-preformatted has-cyan-bluish-gray-background-color has-background">Alicia Lantaron, Bea Garcia, Carla Rabasa, David Ubiñana, Eli Sancho, Helena Castells, Judith Campos, Laura De José, María Giurgila, Mireia Jordan, Oriol Grabalosa, Sara Gómez, Sergi Martinez, Albert Rams “Ret”, Àlex Torio, Begoña Alberdi, Clara Luna, David Martínez, Elisabet Bailén, Georgina Canadell, Guillem Beltrán, Jesús Rovira, Jofre Bardagí, Jordi Ribas, Josep Maria Arroyo, Josep Olivé, Juan Carlos Luque, Marga Rius, Maria Canut, Marina Prades, Meritxell Cirach, Nacho Olivé, Núria Valls, Ona Fernández, Ramon Fitó, Turu Fernández, Victor Gorriti, Victor Vico, Xavi Vidal.</pre>
</div>
</div>



<div style="height:30px" aria-hidden="true" class="wp-block-spacer"></div>



<h4 class="wp-block-heading">FITXA TÈCNICA</h4>



<div style="height:0px" aria-hidden="true" class="wp-block-spacer"></div>



<div class="wp-block-columns is-layout-flex wp-container-core-columns-is-layout-28f84493 wp-block-columns-is-layout-flex">
<div class="wp-block-column is-layout-flow wp-block-column-is-layout-flow" style="flex-basis:100%">
<pre class="wp-block-preformatted has-cyan-bluish-gray-background-color has-background">DURADA: 85'<br>GÈNERE: Documental musical<br>FORMAT GRAVACIÓ: 4K<br>FORMAT PROJECCIÓ: DCP, ProRes o H264<br>IDIOMA: català<br>SUBTÍTOLS: català CC, castellà CC, anglès CC<br>ANY: 2025</pre>
</div>
</div>



<div style="height:30px" aria-hidden="true" class="wp-block-spacer"></div>



<h4 class="wp-block-heading">EQUIP</h4>



<div class="wp-block-columns is-layout-flex wp-container-core-columns-is-layout-28f84493 wp-block-columns-is-layout-flex">
<div class="wp-block-column is-layout-flow wp-block-column-is-layout-flow" style="flex-basis:100%">
<pre class="wp-block-preformatted has-cyan-bluish-gray-background-color has-background">CÀMERES: Roger March, Jose Piña i Nando Caballero<br>SO DIRECTE: Montse Benítez i Nando Caballero<br>ÀUDIO CONCERT LUZ DE GAS: Albert Rams<br>SO DIRECTE LUZ DE GAS: Kai Canahuate Anguera<br>MÚSICA: CLAMS<br>PRODUCCIÓ: Turu Fernández<br>GUIÓ, DIRECCIÓ, MESCLA ÀUDIO, MUNTATGE I ETALONATGE: Nando Caballero</pre>
</div>
</div>



<div style="height:30px" aria-hidden="true" class="wp-block-spacer"></div>



<h6 class="wp-block-heading">Una producció de La Produktiva Films</h6>

<p>Un documental social CLAMS són una banda de pop/rock eclèctica i inclusiva, que compta amb un grup de coristes de persones en situació de discapacitat intel·lectual. La banda va sorgir de l’èxit que va tenir el projecte Música per a la Inclusió, que té com a finalitat contribuir a canviar la mirada envers les persones [&hellip;]</p>
