{"id":2044,"date":"2022-11-01T10:35:01","date_gmt":"2022-11-01T10:35:01","guid":{"rendered":"https:\/\/www.laproduktiva.com\/films\/?page_id=2044"},"modified":"2025-08-13T08:32:29","modified_gmt":"2025-08-13T08:32:29","slug":"el-piano-ha-begut","status":"publish","type":"page","link":"https:\/\/www.laproduktiva.com\/films\/el-piano-ha-begut\/","title":{"rendered":"El piano ha begut"},"content":{"rendered":"\n<div style=\"height:60px\" aria-hidden=\"true\" class=\"wp-block-spacer\"><\/div>\n\n\n\n<div class=\"wp-block-media-text alignwide is-stacked-on-mobile is-vertically-aligned-center\" style=\"grid-template-columns:35% auto\"><figure class=\"wp-block-media-text__media\"><a href=\"https:\/\/www.laproduktiva.com\/films\/wp-content\/uploads\/Cartell-XXSS.png\" target=\"_blank\" rel=\"noreferrer noopener\"><img loading=\"lazy\" decoding=\"async\" width=\"724\" height=\"1024\" src=\"https:\/\/www.laproduktiva.com\/films\/wp-content\/uploads\/Cartell-XXSS-724x1024.png\" alt=\"\" class=\"wp-image-2045 size-full\" srcset=\"https:\/\/www.laproduktiva.com\/films\/wp-content\/uploads\/Cartell-XXSS-724x1024.png 724w, https:\/\/www.laproduktiva.com\/films\/wp-content\/uploads\/Cartell-XXSS-212x300.png 212w, https:\/\/www.laproduktiva.com\/films\/wp-content\/uploads\/Cartell-XXSS-768x1086.png 768w, https:\/\/www.laproduktiva.com\/films\/wp-content\/uploads\/Cartell-XXSS-1087x1536.png 1087w, https:\/\/www.laproduktiva.com\/films\/wp-content\/uploads\/Cartell-XXSS.png 1158w\" sizes=\"auto, (max-width: 724px) 100vw, 724px\" \/><\/a><\/figure><div class=\"wp-block-media-text__content\">\n<p>Una nit qualsevol, un bar qualsevol i una ciutat deserta. Els objectes cobren vida, els tamborets cremen i els personatges s&#8217;enfronten amb les seves pors i decisions al ritme de la gramola ballarina. &#8220;El piano ha begut&#8221; \u00e9s un curtmetratge animat realitzat per\u00a0Nando\u00a0Caballero\u00a0i inspirat en la can\u00e7\u00f3 de Tom\u00a0Waits\u00a0&#8220;The\u00a0piano has been\u00a0drinking\u00a0(not\u00a0me)&#8221;. Un petit passeig de 4&#8242;\u00a0per la ment de\u00a0Waits, per\u00f2 tamb\u00e9 per les addiccions i els malsons que ens pertorben.<\/p>\n<\/div><\/div>\n\n\n\n<div style=\"height:30px\" aria-hidden=\"true\" class=\"wp-block-spacer\"><\/div>\n\n\n\n<h4 class=\"wp-block-heading\">PROJECCIONS<\/h4>\n\n\n\n<pre class=\"wp-block-preformatted has-background\" style=\"background-color:#eeeeee\">Curtmetratge in\u00e8dit<\/pre>\n\n\n\n<div style=\"height:30px\" aria-hidden=\"true\" class=\"wp-block-spacer\"><\/div>\n\n\n\n<h4 class=\"wp-block-heading\">TEASER<\/h4>\n\n\n\n<figure class=\"wp-block-embed is-type-video is-provider-vimeo wp-block-embed-vimeo wp-embed-aspect-16-9 wp-has-aspect-ratio\"><div class=\"wp-block-embed__wrapper\">\n<iframe loading=\"lazy\" title=\"Teaser &quot;El piano ha begut&quot;\" src=\"https:\/\/player.vimeo.com\/video\/765478994?dnt=1&amp;app_id=122963\" width=\"500\" height=\"281\" frameborder=\"0\" allow=\"autoplay; fullscreen; picture-in-picture; clipboard-write; encrypted-media; web-share\" referrerpolicy=\"strict-origin-when-cross-origin\"><\/iframe>\n<\/div><\/figure>\n\n\n\n<div style=\"height:30px\" aria-hidden=\"true\" class=\"wp-block-spacer\"><\/div>\n\n\n\n<h4 class=\"wp-block-heading\">FITXA T\u00c8CNICA<\/h4>\n\n\n\n<pre class=\"wp-block-preformatted has-background\" style=\"background-color:#eeeeee\">DURADA: 4\u2032<br>G\u00c8NERE: Ficci\u00f3<br>T\u00c8CNICA: Animaci\u00f3 2D<br>FORMAT PROJECCI\u00d3: HD 16:9 (DCP, ProRes o H264)<br>IDIOMA: sense di\u00e0legs<br>ANY: 2022<\/pre>\n\n\n\n<div style=\"height:30px\" aria-hidden=\"true\" class=\"wp-block-spacer\"><\/div>\n\n\n\n<h4 class=\"wp-block-heading\">EQUIP<\/h4>\n\n\n\n<pre class=\"wp-block-preformatted has-background\" style=\"background-color:#eeeeee\">GUI\u00d3, ANIMACI\u00d3 I MUNTATGE: Nando Caballero<\/pre>\n\n\n\n<div style=\"height:30px\" aria-hidden=\"true\" class=\"wp-block-spacer\"><\/div>\n\n\n\n<h4 class=\"wp-block-heading\">M\u00daSICA<\/h4>\n\n\n\n<pre class=\"wp-block-preformatted has-background\" style=\"background-color:#eeeeee\">Estudio Zul\u00fa i Velo Batuta\n<\/pre>\n\n\n\n<div style=\"height:40px\" aria-hidden=\"true\" class=\"wp-block-spacer\"><\/div>\n\n\n\n<h6 class=\"wp-block-heading\">Una producci\u00f3 de La Produktiva Films<\/h6>\n","protected":false},"excerpt":{"rendered":"<p>Una nit qualsevol, un bar qualsevol i una ciutat deserta. Els objectes cobren vida, els tamborets cremen i els personatges s&#8217;enfronten amb les seves pors i decisions al ritme de la gramola ballarina. &#8220;El piano ha begut&#8221; \u00e9s un curtmetratge animat realitzat per\u00a0Nando\u00a0Caballero\u00a0i inspirat en la can\u00e7\u00f3 de Tom\u00a0Waits\u00a0&#8220;The\u00a0piano has been\u00a0drinking\u00a0(not\u00a0me)&#8221;. Un petit passeig de [&hellip;]<\/p>\n","protected":false},"author":1,"featured_media":2703,"parent":0,"menu_order":0,"comment_status":"closed","ping_status":"closed","template":"","meta":{"footnotes":""},"class_list":["post-2044","page","type-page","status-publish","has-post-thumbnail","hentry"],"_links":{"self":[{"href":"https:\/\/www.laproduktiva.com\/films\/wp-json\/wp\/v2\/pages\/2044","targetHints":{"allow":["GET"]}}],"collection":[{"href":"https:\/\/www.laproduktiva.com\/films\/wp-json\/wp\/v2\/pages"}],"about":[{"href":"https:\/\/www.laproduktiva.com\/films\/wp-json\/wp\/v2\/types\/page"}],"author":[{"embeddable":true,"href":"https:\/\/www.laproduktiva.com\/films\/wp-json\/wp\/v2\/users\/1"}],"replies":[{"embeddable":true,"href":"https:\/\/www.laproduktiva.com\/films\/wp-json\/wp\/v2\/comments?post=2044"}],"version-history":[{"count":23,"href":"https:\/\/www.laproduktiva.com\/films\/wp-json\/wp\/v2\/pages\/2044\/revisions"}],"predecessor-version":[{"id":2844,"href":"https:\/\/www.laproduktiva.com\/films\/wp-json\/wp\/v2\/pages\/2044\/revisions\/2844"}],"wp:featuredmedia":[{"embeddable":true,"href":"https:\/\/www.laproduktiva.com\/films\/wp-json\/wp\/v2\/media\/2703"}],"wp:attachment":[{"href":"https:\/\/www.laproduktiva.com\/films\/wp-json\/wp\/v2\/media?parent=2044"}],"curies":[{"name":"wp","href":"https:\/\/api.w.org\/{rel}","templated":true}]}}

<div style="height:60px" aria-hidden="true" class="wp-block-spacer"></div>



<div class="wp-block-media-text alignwide is-stacked-on-mobile is-vertically-aligned-center" style="grid-template-columns:35% auto"><figure class="wp-block-media-text__media"><a href="https://www.laproduktiva.com/films/wp-content/uploads/Cartell-XXSS.png" target="_blank" rel="noreferrer noopener"><img loading="lazy" decoding="async" width="724" height="1024" src="https://www.laproduktiva.com/films/wp-content/uploads/Cartell-XXSS-724x1024.png" alt="" class="wp-image-2045 size-full" srcset="https://www.laproduktiva.com/films/wp-content/uploads/Cartell-XXSS-724x1024.png 724w, https://www.laproduktiva.com/films/wp-content/uploads/Cartell-XXSS-212x300.png 212w, https://www.laproduktiva.com/films/wp-content/uploads/Cartell-XXSS-768x1086.png 768w, https://www.laproduktiva.com/films/wp-content/uploads/Cartell-XXSS-1087x1536.png 1087w, https://www.laproduktiva.com/films/wp-content/uploads/Cartell-XXSS.png 1158w" sizes="auto, (max-width: 724px) 100vw, 724px" /></a></figure><div class="wp-block-media-text__content">
<p>Una nit qualsevol, un bar qualsevol i una ciutat deserta. Els objectes cobren vida, els tamborets cremen i els personatges s&#8217;enfronten amb les seves pors i decisions al ritme de la gramola ballarina. &#8220;El piano ha begut&#8221; és un curtmetratge animat realitzat per Nando Caballero i inspirat en la cançó de Tom Waits &#8220;The piano has been drinking (not me)&#8221;. Un petit passeig de 4&#8242; per la ment de Waits, però també per les addiccions i els malsons que ens pertorben.</p>
</div></div>



<div style="height:30px" aria-hidden="true" class="wp-block-spacer"></div>



<h4 class="wp-block-heading">PROJECCIONS</h4>



<pre class="wp-block-preformatted has-background" style="background-color:#eeeeee">Curtmetratge inèdit</pre>



<div style="height:30px" aria-hidden="true" class="wp-block-spacer"></div>



<h4 class="wp-block-heading">TEASER</h4>



<figure class="wp-block-embed is-type-video is-provider-vimeo wp-block-embed-vimeo wp-embed-aspect-16-9 wp-has-aspect-ratio"><div class="wp-block-embed__wrapper">
<iframe loading="lazy" title="Teaser &quot;El piano ha begut&quot;" src="https://player.vimeo.com/video/765478994?dnt=1&amp;app_id=122963" width="500" height="281" frameborder="0" allow="autoplay; fullscreen; picture-in-picture; clipboard-write; encrypted-media; web-share" referrerpolicy="strict-origin-when-cross-origin"></iframe>
</div></figure>



<div style="height:30px" aria-hidden="true" class="wp-block-spacer"></div>



<h4 class="wp-block-heading">FITXA TÈCNICA</h4>



<pre class="wp-block-preformatted has-background" style="background-color:#eeeeee">DURADA: 4′<br>GÈNERE: Ficció<br>TÈCNICA: Animació 2D<br>FORMAT PROJECCIÓ: HD 16:9 (DCP, ProRes o H264)<br>IDIOMA: sense diàlegs<br>ANY: 2022</pre>



<div style="height:30px" aria-hidden="true" class="wp-block-spacer"></div>



<h4 class="wp-block-heading">EQUIP</h4>



<pre class="wp-block-preformatted has-background" style="background-color:#eeeeee">GUIÓ, ANIMACIÓ I MUNTATGE: Nando Caballero</pre>



<div style="height:30px" aria-hidden="true" class="wp-block-spacer"></div>



<h4 class="wp-block-heading">MÚSICA</h4>



<pre class="wp-block-preformatted has-background" style="background-color:#eeeeee">Estudio Zulú i Velo Batuta
</pre>



<div style="height:40px" aria-hidden="true" class="wp-block-spacer"></div>



<h6 class="wp-block-heading">Una producció de La Produktiva Films</h6>

<p>Una nit qualsevol, un bar qualsevol i una ciutat deserta. Els objectes cobren vida, els tamborets cremen i els personatges s&#8217;enfronten amb les seves pors i decisions al ritme de la gramola ballarina. &#8220;El piano ha begut&#8221; és un curtmetratge animat realitzat per Nando Caballero i inspirat en la cançó de Tom Waits &#8220;The piano has been drinking (not me)&#8221;. Un petit passeig de [&hellip;]</p>
