{"id":1384,"date":"2020-04-25T13:53:01","date_gmt":"2020-04-25T13:53:01","guid":{"rendered":"http:\/\/www.laproduktiva.com\/films\/?page_id=1384"},"modified":"2025-08-13T07:51:39","modified_gmt":"2025-08-13T07:51:39","slug":"losglosters","status":"publish","type":"page","link":"https:\/\/www.laproduktiva.com\/films\/losglosters\/","title":{"rendered":"Los Glosters"},"content":{"rendered":"\n<div style=\"height:60px\" aria-hidden=\"true\" class=\"wp-block-spacer\"><\/div>\n\n\n\n<div class=\"wp-block-media-text alignwide is-stacked-on-mobile is-vertically-aligned-center\" style=\"grid-template-columns:35% auto\"><figure class=\"wp-block-media-text__media\"><a href=\"https:\/\/www.laproduktiva.com\/films\/wp-content\/uploads\/CartellGlosters.jpg\" target=\"_blank\" rel=\"noreferrer noopener\"><img loading=\"lazy\" decoding=\"async\" width=\"731\" height=\"1024\" src=\"https:\/\/www.laproduktiva.com\/films\/wp-content\/uploads\/CartellGlosters-731x1024.jpg\" alt=\"\" class=\"wp-image-1472 size-full\" srcset=\"https:\/\/www.laproduktiva.com\/films\/wp-content\/uploads\/CartellGlosters-731x1024.jpg 731w, https:\/\/www.laproduktiva.com\/films\/wp-content\/uploads\/CartellGlosters-214x300.jpg 214w, https:\/\/www.laproduktiva.com\/films\/wp-content\/uploads\/CartellGlosters-768x1076.jpg 768w, https:\/\/www.laproduktiva.com\/films\/wp-content\/uploads\/CartellGlosters-1096x1536.jpg 1096w, https:\/\/www.laproduktiva.com\/films\/wp-content\/uploads\/CartellGlosters.jpg 1208w\" sizes=\"auto, (max-width: 731px) 100vw, 731px\" \/><\/a><\/figure><div class=\"wp-block-media-text__content\">\n<h4 class=\"wp-block-heading\">30 anys per la carretera (de Pirats a Los Glosters)<\/h4>\n\n\n\n<p>Tota gran hist\u00f2ria necessita uns bons motius per donar-se a con\u00e8ixer, per\u00f2 tamb\u00e9 d&#8217;uns acurats mitjans que ens l&#8217;expliquin de forma atractiva. En aquest cas, no ens ha faltat de res. Els Glosters, grup tarragon\u00ed de pop, celebren els seus trenta anys de vida i calia documentar-ho amb consci\u00e8ncia. Durant aquesta llarga traject\u00f2ria ens han ofert un bon grapat de can\u00e7ons de beat amb arrels sixties. Un repertori on es manifesta la seva fascinant creativitat aix\u00ed com les seves habilitats instrumentals i vocals. Des dels seus inicis, cap a finals dels vuitanta amb el nom de Pirats, fins a arribar a la formaci\u00f3 actual, han passat moltes coses que els distingeixen com una de les formacions m\u00e9s enriquidores de l&#8217;escena mod. Quatre \u00e0lbums i sis EP&#8217;s m\u00e9s singles recullen una obra pr\u00f2pia memorable, divertida i amb repercussi\u00f3 internacional que hem gaudit tamb\u00e9 en viu a diversos escenaris. Per celebrar aquestes tres d\u00e8cades d&#8217;exist\u00e8ncia, van oferir un aclamat concert a la sala tarragonina Zero el passat 8 de juny de 2019. Aquesta pel\u00b7l\u00edcula recull aquell, ja m\u00edtic, directe i afegeix un bon treball de documentaci\u00f3 amb el testimoni dels seus principals protagonistes aix\u00ed com d&#8217;aquelles persones que han viscut d&#8217;una manera o altra l&#8217;ascens i la consolidaci\u00f3 d&#8217;una banda incombustible. Sense cap mena de dubte, els Glosters han estat un grup impecable capa\u00e7 de crear un imaginari propi musicalitzat per un so molt original que perdurar\u00e0 en el temps.<\/p>\n\n\n\n<p class=\"has-text-align-right\"><a href=\"https:\/\/magicpopblog.wordpress.com\/\">\u00c0lex Mart\u00ed (M\u00e0gic Pop)<\/a><\/p>\n<\/div><\/div>\n\n\n\n<div style=\"height:30px\" aria-hidden=\"true\" class=\"wp-block-spacer\"><\/div>\n\n\n\n<h4 class=\"wp-block-heading\">PROJECCIONS<\/h4>\n\n\n\n<pre class=\"wp-block-preformatted has-cyan-bluish-gray-background-color has-background\">18\/09\/2020 - Casa Canals (Festa Major de Tarragona)<br>24\/11\/2020 - Festival Memorimage, Reus<br>25\/12\/2021 - TAC12 TV<br>21\/10\/2022 - Mobile Film Fest, Colombia<\/pre>\n\n\n\n<div style=\"height:30px\" aria-hidden=\"true\" class=\"wp-block-spacer\"><\/div>\n\n\n\n<h4 class=\"wp-block-heading\">TEASERS<\/h4>\n\n\n\n<figure class=\"wp-block-embed is-type-video is-provider-vimeo wp-block-embed-vimeo wp-embed-aspect-16-9 wp-has-aspect-ratio\"><div class=\"wp-block-embed__wrapper\">\n<iframe loading=\"lazy\" title=\"Los Glosters - Por la carretera\" src=\"https:\/\/player.vimeo.com\/video\/355151973?dnt=1&amp;app_id=122963\" width=\"500\" height=\"281\" frameborder=\"0\" allow=\"autoplay; fullscreen; picture-in-picture; clipboard-write; encrypted-media; web-share\" referrerpolicy=\"strict-origin-when-cross-origin\"><\/iframe>\n<\/div><\/figure>\n\n\n\n<div style=\"height:30px\" aria-hidden=\"true\" class=\"wp-block-spacer\"><\/div>\n\n\n\n<h4 class=\"wp-block-heading\">FOTOS RODATGE<\/h4>\n\n\n\n<div class=\"wp-block-group is-layout-constrained wp-block-group-is-layout-constrained\">\n<div class=\"wp-block-group is-layout-constrained wp-block-group-is-layout-constrained\">\n<div class=\"wp-block-group is-layout-constrained wp-block-group-is-layout-constrained\">\n<div class=\"wp-block-columns is-layout-flex wp-container-core-columns-is-layout-28f84493 wp-block-columns-is-layout-flex\">\n<div class=\"wp-block-column is-layout-flow wp-block-column-is-layout-flow\" style=\"flex-basis:100%\">\n<h4 class=\"wp-block-heading has-text-align-center has-white-color has-primary-background-color has-text-color has-background has-link-color wp-elements-1179e3161cc0817aa8e1f98de3702d36\"><a href=\"https:\/\/flic.kr\/s\/aHsmKavmVo\" target=\"_blank\" rel=\"noreferrer noopener\">https:\/\/flic.kr\/s\/aHsmKavmVo<\/a><\/h4>\n<\/div>\n<\/div>\n<\/div>\n<\/div>\n<\/div>\n\n\n\n<div style=\"height:30px\" aria-hidden=\"true\" class=\"wp-block-spacer\"><\/div>\n\n\n\n<h4 class=\"wp-block-heading\">PROTAGONISTES (PER ORDRE ALFAB\u00c8TIC)<\/h4>\n\n\n\n<pre class=\"wp-block-preformatted has-cyan-bluish-gray-background-color has-background\">Alex Mart\u00ed, Carles Garc\u00eda, Elisabet Francesch, Evan Dedes, H\u00e9ctor Mir, Isaac Negri\u00e9, Miguel Zan\u00f3n, Migui Ra\u00f1e, Puri Pedrola, Ram\u00f3n Cuenca i Samy Cinnamon<\/pre>\n\n\n\n<div style=\"height:30px\" aria-hidden=\"true\" class=\"wp-block-spacer\"><\/div>\n\n\n\n<h4 class=\"wp-block-heading\">FITXA T\u00c8CNICA<\/h4>\n\n\n\n<pre class=\"wp-block-preformatted has-cyan-bluish-gray-background-color has-background\">DURADA: 60'<br>G\u00c8NERE: Documental musical<br>FORMAT GRAVACI\u00d3: HD 16:9<br>FORMAT PROJECCI\u00d3: DCP, ProRes o H264<br>IDIOMA: catal\u00e0<br>SUBT\u00cdTOLS: castell\u00e0 i angl\u00e8s<br>ANY: 2020<\/pre>\n\n\n\n<div style=\"height:30px\" aria-hidden=\"true\" class=\"wp-block-spacer\"><\/div>\n\n\n\n<h4 class=\"wp-block-heading\">EQUIP T\u00c8CNIC<\/h4>\n\n\n\n<pre class=\"wp-block-preformatted has-cyan-bluish-gray-background-color has-background\">C\u00c0MERES CONCERT: Dani D\u00edaz, Joaquim Guillen i Nando Caballero<br>C\u00c0MERA DOCUMENTAL: Nando Caballero<br>SO CONCERT, EDICI\u00d3 I M\u00c0STERING Miguel Zan\u00f3n<br>PRODUCCI\u00d3: Ram\u00f3n Cuenca i Evan Dedes<br>DISSENY GR\u00c0FIC: Isaac Negri\u00e9<br>M\u00daSICA: Los Glosters<br>DIRECCI\u00d3, SO, MUNTATGE I ETALONATGE: Nando Caballero<\/pre>\n\n\n\n<div style=\"height:30px\" aria-hidden=\"true\" class=\"wp-block-spacer\"><\/div>\n\n\n\n<h6 class=\"wp-block-heading\">Una producci\u00f3 de La Produktiva Films<\/h6>\n","protected":false},"excerpt":{"rendered":"<p>30 anys per la carretera (de Pirats a Los Glosters) Tota gran hist\u00f2ria necessita uns bons motius per donar-se a con\u00e8ixer, per\u00f2 tamb\u00e9 d&#8217;uns acurats mitjans que ens l&#8217;expliquin de forma atractiva. En aquest cas, no ens ha faltat de res. Els Glosters, grup tarragon\u00ed de pop, celebren els seus trenta anys de vida i [&hellip;]<\/p>\n","protected":false},"author":1,"featured_media":2978,"parent":0,"menu_order":0,"comment_status":"closed","ping_status":"closed","template":"","meta":{"footnotes":""},"class_list":["post-1384","page","type-page","status-publish","has-post-thumbnail","hentry"],"_links":{"self":[{"href":"https:\/\/www.laproduktiva.com\/films\/wp-json\/wp\/v2\/pages\/1384","targetHints":{"allow":["GET"]}}],"collection":[{"href":"https:\/\/www.laproduktiva.com\/films\/wp-json\/wp\/v2\/pages"}],"about":[{"href":"https:\/\/www.laproduktiva.com\/films\/wp-json\/wp\/v2\/types\/page"}],"author":[{"embeddable":true,"href":"https:\/\/www.laproduktiva.com\/films\/wp-json\/wp\/v2\/users\/1"}],"replies":[{"embeddable":true,"href":"https:\/\/www.laproduktiva.com\/films\/wp-json\/wp\/v2\/comments?post=1384"}],"version-history":[{"count":53,"href":"https:\/\/www.laproduktiva.com\/films\/wp-json\/wp\/v2\/pages\/1384\/revisions"}],"predecessor-version":[{"id":2959,"href":"https:\/\/www.laproduktiva.com\/films\/wp-json\/wp\/v2\/pages\/1384\/revisions\/2959"}],"wp:featuredmedia":[{"embeddable":true,"href":"https:\/\/www.laproduktiva.com\/films\/wp-json\/wp\/v2\/media\/2978"}],"wp:attachment":[{"href":"https:\/\/www.laproduktiva.com\/films\/wp-json\/wp\/v2\/media?parent=1384"}],"curies":[{"name":"wp","href":"https:\/\/api.w.org\/{rel}","templated":true}]}}

<div style="height:60px" aria-hidden="true" class="wp-block-spacer"></div>



<div class="wp-block-media-text alignwide is-stacked-on-mobile is-vertically-aligned-center" style="grid-template-columns:35% auto"><figure class="wp-block-media-text__media"><a href="https://www.laproduktiva.com/films/wp-content/uploads/CartellGlosters.jpg" target="_blank" rel="noreferrer noopener"><img loading="lazy" decoding="async" width="731" height="1024" src="https://www.laproduktiva.com/films/wp-content/uploads/CartellGlosters-731x1024.jpg" alt="" class="wp-image-1472 size-full" srcset="https://www.laproduktiva.com/films/wp-content/uploads/CartellGlosters-731x1024.jpg 731w, https://www.laproduktiva.com/films/wp-content/uploads/CartellGlosters-214x300.jpg 214w, https://www.laproduktiva.com/films/wp-content/uploads/CartellGlosters-768x1076.jpg 768w, https://www.laproduktiva.com/films/wp-content/uploads/CartellGlosters-1096x1536.jpg 1096w, https://www.laproduktiva.com/films/wp-content/uploads/CartellGlosters.jpg 1208w" sizes="auto, (max-width: 731px) 100vw, 731px" /></a></figure><div class="wp-block-media-text__content">
<h4 class="wp-block-heading">30 anys per la carretera (de Pirats a Los Glosters)</h4>



<p>Tota gran història necessita uns bons motius per donar-se a conèixer, però també d&#8217;uns acurats mitjans que ens l&#8217;expliquin de forma atractiva. En aquest cas, no ens ha faltat de res. Els Glosters, grup tarragoní de pop, celebren els seus trenta anys de vida i calia documentar-ho amb consciència. Durant aquesta llarga trajectòria ens han ofert un bon grapat de cançons de beat amb arrels sixties. Un repertori on es manifesta la seva fascinant creativitat així com les seves habilitats instrumentals i vocals. Des dels seus inicis, cap a finals dels vuitanta amb el nom de Pirats, fins a arribar a la formació actual, han passat moltes coses que els distingeixen com una de les formacions més enriquidores de l&#8217;escena mod. Quatre àlbums i sis EP&#8217;s més singles recullen una obra pròpia memorable, divertida i amb repercussió internacional que hem gaudit també en viu a diversos escenaris. Per celebrar aquestes tres dècades d&#8217;existència, van oferir un aclamat concert a la sala tarragonina Zero el passat 8 de juny de 2019. Aquesta pel·lícula recull aquell, ja mític, directe i afegeix un bon treball de documentació amb el testimoni dels seus principals protagonistes així com d&#8217;aquelles persones que han viscut d&#8217;una manera o altra l&#8217;ascens i la consolidació d&#8217;una banda incombustible. Sense cap mena de dubte, els Glosters han estat un grup impecable capaç de crear un imaginari propi musicalitzat per un so molt original que perdurarà en el temps.</p>



<p class="has-text-align-right"><a href="https://magicpopblog.wordpress.com/">Àlex Martí (Màgic Pop)</a></p>
</div></div>



<div style="height:30px" aria-hidden="true" class="wp-block-spacer"></div>



<h4 class="wp-block-heading">PROJECCIONS</h4>



<pre class="wp-block-preformatted has-cyan-bluish-gray-background-color has-background">18/09/2020 - Casa Canals (Festa Major de Tarragona)<br>24/11/2020 - Festival Memorimage, Reus<br>25/12/2021 - TAC12 TV<br>21/10/2022 - Mobile Film Fest, Colombia</pre>



<div style="height:30px" aria-hidden="true" class="wp-block-spacer"></div>



<h4 class="wp-block-heading">TEASERS</h4>



<figure class="wp-block-embed is-type-video is-provider-vimeo wp-block-embed-vimeo wp-embed-aspect-16-9 wp-has-aspect-ratio"><div class="wp-block-embed__wrapper">
<iframe loading="lazy" title="Los Glosters - Por la carretera" src="https://player.vimeo.com/video/355151973?dnt=1&amp;app_id=122963" width="500" height="281" frameborder="0" allow="autoplay; fullscreen; picture-in-picture; clipboard-write; encrypted-media; web-share" referrerpolicy="strict-origin-when-cross-origin"></iframe>
</div></figure>



<div style="height:30px" aria-hidden="true" class="wp-block-spacer"></div>



<h4 class="wp-block-heading">FOTOS RODATGE</h4>



<div class="wp-block-group is-layout-constrained wp-block-group-is-layout-constrained">
<div class="wp-block-group is-layout-constrained wp-block-group-is-layout-constrained">
<div class="wp-block-group is-layout-constrained wp-block-group-is-layout-constrained">
<div class="wp-block-columns is-layout-flex wp-container-core-columns-is-layout-28f84493 wp-block-columns-is-layout-flex">
<div class="wp-block-column is-layout-flow wp-block-column-is-layout-flow" style="flex-basis:100%">
<h4 class="wp-block-heading has-text-align-center has-white-color has-primary-background-color has-text-color has-background has-link-color wp-elements-1179e3161cc0817aa8e1f98de3702d36"><a href="https://flic.kr/s/aHsmKavmVo" target="_blank" rel="noreferrer noopener">https://flic.kr/s/aHsmKavmVo</a></h4>
</div>
</div>
</div>
</div>
</div>



<div style="height:30px" aria-hidden="true" class="wp-block-spacer"></div>



<h4 class="wp-block-heading">PROTAGONISTES (PER ORDRE ALFABÈTIC)</h4>



<pre class="wp-block-preformatted has-cyan-bluish-gray-background-color has-background">Alex Martí, Carles García, Elisabet Francesch, Evan Dedes, Héctor Mir, Isaac Negrié, Miguel Zanón, Migui Rañe, Puri Pedrola, Ramón Cuenca i Samy Cinnamon</pre>



<div style="height:30px" aria-hidden="true" class="wp-block-spacer"></div>



<h4 class="wp-block-heading">FITXA TÈCNICA</h4>



<pre class="wp-block-preformatted has-cyan-bluish-gray-background-color has-background">DURADA: 60'<br>GÈNERE: Documental musical<br>FORMAT GRAVACIÓ: HD 16:9<br>FORMAT PROJECCIÓ: DCP, ProRes o H264<br>IDIOMA: català<br>SUBTÍTOLS: castellà i anglès<br>ANY: 2020</pre>



<div style="height:30px" aria-hidden="true" class="wp-block-spacer"></div>



<h4 class="wp-block-heading">EQUIP TÈCNIC</h4>



<pre class="wp-block-preformatted has-cyan-bluish-gray-background-color has-background">CÀMERES CONCERT: Dani Díaz, Joaquim Guillen i Nando Caballero<br>CÀMERA DOCUMENTAL: Nando Caballero<br>SO CONCERT, EDICIÓ I MÀSTERING Miguel Zanón<br>PRODUCCIÓ: Ramón Cuenca i Evan Dedes<br>DISSENY GRÀFIC: Isaac Negrié<br>MÚSICA: Los Glosters<br>DIRECCIÓ, SO, MUNTATGE I ETALONATGE: Nando Caballero</pre>



<div style="height:30px" aria-hidden="true" class="wp-block-spacer"></div>



<h6 class="wp-block-heading">Una producció de La Produktiva Films</h6>

<p>30 anys per la carretera (de Pirats a Los Glosters) Tota gran història necessita uns bons motius per donar-se a conèixer, però també d&#8217;uns acurats mitjans que ens l&#8217;expliquin de forma atractiva. En aquest cas, no ens ha faltat de res. Els Glosters, grup tarragoní de pop, celebren els seus trenta anys de vida i [&hellip;]</p>
