{"id":1359,"date":"2020-04-11T11:28:12","date_gmt":"2020-04-11T11:28:12","guid":{"rendered":"http:\/\/www.laproduktiva.com\/films\/?page_id=1359"},"modified":"2025-08-13T07:43:08","modified_gmt":"2025-08-13T07:43:08","slug":"jazznesis","status":"publish","type":"page","link":"https:\/\/www.laproduktiva.com\/films\/jazznesis\/","title":{"rendered":"Jazznesis"},"content":{"rendered":"\n<div style=\"height:60px\" aria-hidden=\"true\" class=\"wp-block-spacer\"><\/div>\n\n\n\n<div class=\"wp-block-media-text alignwide is-stacked-on-mobile is-vertically-aligned-center\" style=\"grid-template-columns:35% auto\"><figure class=\"wp-block-media-text__media\"><a href=\"https:\/\/www.laproduktiva.com\/films\/wp-content\/uploads\/Cartell_Jazznesis.png\" target=\"_blank\" rel=\"noreferrer noopener\"><img loading=\"lazy\" decoding=\"async\" width=\"724\" height=\"1024\" src=\"https:\/\/www.laproduktiva.com\/films\/wp-content\/uploads\/Cartell_Jazznesis-724x1024.png\" alt=\"\" class=\"wp-image-1372 size-full\" srcset=\"https:\/\/www.laproduktiva.com\/films\/wp-content\/uploads\/Cartell_Jazznesis-724x1024.png 724w, https:\/\/www.laproduktiva.com\/films\/wp-content\/uploads\/Cartell_Jazznesis-212x300.png 212w, https:\/\/www.laproduktiva.com\/films\/wp-content\/uploads\/Cartell_Jazznesis-768x1087.png 768w, https:\/\/www.laproduktiva.com\/films\/wp-content\/uploads\/Cartell_Jazznesis-1086x1536.png 1086w, https:\/\/www.laproduktiva.com\/films\/wp-content\/uploads\/Cartell_Jazznesis.png 1169w\" sizes=\"auto, (max-width: 724px) 100vw, 724px\" \/><\/a><\/figure><div class=\"wp-block-media-text__content\">\n<h4 class=\"wp-block-heading\">La m\u00fasica de genesis 1970-1974<\/h4>\n\n\n\n<p>Genesis, grup abanderat del rock progressiu dels anys 70, no va coquetejar gaire amb el jazz, aix\u00ed que quan el pianista Jaume Vilaseca es va embarcar a l&#8217;any 2007 en l&#8217;arriscada (i \u00fanica) aventura d&#8217;adaptar al jazz composicions de Genesis de la seva etapa cl\u00e0ssica (1970-1974), segurament ni ell sabia a on el portaria. El resultat ha acabat sent una molt grata sorpresa en forma de tres discos i desenes de concerts per tot el m\u00f3n. Aquest documental mostra i il\u00b7lustra aquest projecte tan especial amb entrevistes i fragments de concerts.<\/p>\n<\/div><\/div>\n\n\n\n<div style=\"height:30px\" aria-hidden=\"true\" class=\"wp-block-spacer\"><\/div>\n\n\n\n<h4 class=\"wp-block-heading\">PROJECCIONS<\/h4>\n\n\n\n<pre class=\"wp-block-preformatted has-cyan-bluish-gray-background-color has-background\">Documental in\u00e8dit<\/pre>\n\n\n\n<div style=\"height:30px\" aria-hidden=\"true\" class=\"wp-block-spacer\"><\/div>\n\n\n\n<h4 class=\"wp-block-heading\">TEASERS<\/h4>\n\n\n\n<figure class=\"wp-block-embed is-type-video is-provider-vimeo wp-block-embed-vimeo wp-embed-aspect-16-9 wp-has-aspect-ratio\"><div class=\"wp-block-embed__wrapper\">\n<iframe loading=\"lazy\" title=\"Teaser 1 Jazznesis (el documental)\" src=\"https:\/\/player.vimeo.com\/video\/397490956?dnt=1&amp;app_id=122963\" width=\"500\" height=\"281\" frameborder=\"0\" allow=\"autoplay; fullscreen; picture-in-picture; clipboard-write; encrypted-media; web-share\" referrerpolicy=\"strict-origin-when-cross-origin\"><\/iframe>\n<\/div><\/figure>\n\n\n\n<div style=\"height:30px\" aria-hidden=\"true\" class=\"wp-block-spacer\"><\/div>\n\n\n\n<h4 class=\"wp-block-heading\">PROTAGONISTES (PER ORDRE ALFAB\u00c8TIC)<\/h4>\n\n\n\n<pre class=\"wp-block-preformatted has-cyan-bluish-gray-background-color has-background\">Dick Them, Gay Mercader, Jaume Vilaseca, Joan Rossell\u00f3, Jordi Planas, Karen Souza, Mar Vilaseca, Merc\u00e8 Puy, Ram\u00f3n D\u00edaz, Roger Mir i Xavi Casellas<\/pre>\n\n\n\n<div style=\"height:30px\" aria-hidden=\"true\" class=\"wp-block-spacer\"><\/div>\n\n\n\n<h4 class=\"wp-block-heading\">FITXA T\u00c8CNICA<\/h4>\n\n\n\n<pre class=\"wp-block-preformatted has-cyan-bluish-gray-background-color has-background\">DURADA: 52\u2032<br>G\u00c8NERE: Documental musical<br>FORMAT GRAVACI\u00d3: HD 16:9<br>FORMAT PROJECCI\u00d3: DCP, ProRes o H264<br>IDIOMA: catal\u00e0 i castell\u00e0<br>SUBT\u00cdTOLS: castell\u00e0 i angl\u00e8s<br>ANY: 2021<\/pre>\n\n\n\n<div style=\"height:30px\" aria-hidden=\"true\" class=\"wp-block-spacer\"><\/div>\n\n\n\n<h4 class=\"wp-block-heading\">EQUIP T\u00c8CNIC<\/h4>\n\n\n\n<pre class=\"wp-block-preformatted has-cyan-bluish-gray-background-color has-background\">C\u00c0MERES: \u00c0ngela Ulloa, Montse Ben\u00edtez i Nando Caballero<br>SO DIRECTE: Montse Ben\u00edtez i Nando Caballero<br>MUNTATGE D'\u00c0UDIO I M\u00c0STERING: Iv\u00e1n Arroyes<br>PRODUCCI\u00d3: Merc\u00e8 Puy i Montse Ben\u00edtez<br>M\u00daSICA: Jaume Vilaseca<br>DIRECCI\u00d3, MUNTATGE I ETALONATGE: Nando Caballero<\/pre>\n\n\n\n<div style=\"height:30px\" aria-hidden=\"true\" class=\"wp-block-spacer\"><\/div>\n\n\n\n<h6 class=\"wp-block-heading\">Una producci\u00f3 de La Produktiva Films i Puy &amp; CO<\/h6>\n","protected":false},"excerpt":{"rendered":"<p>La m\u00fasica de genesis 1970-1974 Genesis, grup abanderat del rock progressiu dels anys 70, no va coquetejar gaire amb el jazz, aix\u00ed que quan el pianista Jaume Vilaseca es va embarcar a l&#8217;any 2007 en l&#8217;arriscada (i \u00fanica) aventura d&#8217;adaptar al jazz composicions de Genesis de la seva etapa cl\u00e0ssica (1970-1974), segurament ni ell sabia [&hellip;]<\/p>\n","protected":false},"author":1,"featured_media":2899,"parent":0,"menu_order":0,"comment_status":"closed","ping_status":"closed","template":"","meta":{"footnotes":""},"class_list":["post-1359","page","type-page","status-publish","has-post-thumbnail","hentry"],"_links":{"self":[{"href":"https:\/\/www.laproduktiva.com\/films\/wp-json\/wp\/v2\/pages\/1359","targetHints":{"allow":["GET"]}}],"collection":[{"href":"https:\/\/www.laproduktiva.com\/films\/wp-json\/wp\/v2\/pages"}],"about":[{"href":"https:\/\/www.laproduktiva.com\/films\/wp-json\/wp\/v2\/types\/page"}],"author":[{"embeddable":true,"href":"https:\/\/www.laproduktiva.com\/films\/wp-json\/wp\/v2\/users\/1"}],"replies":[{"embeddable":true,"href":"https:\/\/www.laproduktiva.com\/films\/wp-json\/wp\/v2\/comments?post=1359"}],"version-history":[{"count":35,"href":"https:\/\/www.laproduktiva.com\/films\/wp-json\/wp\/v2\/pages\/1359\/revisions"}],"predecessor-version":[{"id":2900,"href":"https:\/\/www.laproduktiva.com\/films\/wp-json\/wp\/v2\/pages\/1359\/revisions\/2900"}],"wp:featuredmedia":[{"embeddable":true,"href":"https:\/\/www.laproduktiva.com\/films\/wp-json\/wp\/v2\/media\/2899"}],"wp:attachment":[{"href":"https:\/\/www.laproduktiva.com\/films\/wp-json\/wp\/v2\/media?parent=1359"}],"curies":[{"name":"wp","href":"https:\/\/api.w.org\/{rel}","templated":true}]}}

<div style="height:60px" aria-hidden="true" class="wp-block-spacer"></div>



<div class="wp-block-media-text alignwide is-stacked-on-mobile is-vertically-aligned-center" style="grid-template-columns:35% auto"><figure class="wp-block-media-text__media"><a href="https://www.laproduktiva.com/films/wp-content/uploads/Cartell_Jazznesis.png" target="_blank" rel="noreferrer noopener"><img loading="lazy" decoding="async" width="724" height="1024" src="https://www.laproduktiva.com/films/wp-content/uploads/Cartell_Jazznesis-724x1024.png" alt="" class="wp-image-1372 size-full" srcset="https://www.laproduktiva.com/films/wp-content/uploads/Cartell_Jazznesis-724x1024.png 724w, https://www.laproduktiva.com/films/wp-content/uploads/Cartell_Jazznesis-212x300.png 212w, https://www.laproduktiva.com/films/wp-content/uploads/Cartell_Jazznesis-768x1087.png 768w, https://www.laproduktiva.com/films/wp-content/uploads/Cartell_Jazznesis-1086x1536.png 1086w, https://www.laproduktiva.com/films/wp-content/uploads/Cartell_Jazznesis.png 1169w" sizes="auto, (max-width: 724px) 100vw, 724px" /></a></figure><div class="wp-block-media-text__content">
<h4 class="wp-block-heading">La música de genesis 1970-1974</h4>



<p>Genesis, grup abanderat del rock progressiu dels anys 70, no va coquetejar gaire amb el jazz, així que quan el pianista Jaume Vilaseca es va embarcar a l&#8217;any 2007 en l&#8217;arriscada (i única) aventura d&#8217;adaptar al jazz composicions de Genesis de la seva etapa clàssica (1970-1974), segurament ni ell sabia a on el portaria. El resultat ha acabat sent una molt grata sorpresa en forma de tres discos i desenes de concerts per tot el món. Aquest documental mostra i il·lustra aquest projecte tan especial amb entrevistes i fragments de concerts.</p>
</div></div>



<div style="height:30px" aria-hidden="true" class="wp-block-spacer"></div>



<h4 class="wp-block-heading">PROJECCIONS</h4>



<pre class="wp-block-preformatted has-cyan-bluish-gray-background-color has-background">Documental inèdit</pre>



<div style="height:30px" aria-hidden="true" class="wp-block-spacer"></div>



<h4 class="wp-block-heading">TEASERS</h4>



<figure class="wp-block-embed is-type-video is-provider-vimeo wp-block-embed-vimeo wp-embed-aspect-16-9 wp-has-aspect-ratio"><div class="wp-block-embed__wrapper">
<iframe loading="lazy" title="Teaser 1 Jazznesis (el documental)" src="https://player.vimeo.com/video/397490956?dnt=1&amp;app_id=122963" width="500" height="281" frameborder="0" allow="autoplay; fullscreen; picture-in-picture; clipboard-write; encrypted-media; web-share" referrerpolicy="strict-origin-when-cross-origin"></iframe>
</div></figure>



<div style="height:30px" aria-hidden="true" class="wp-block-spacer"></div>



<h4 class="wp-block-heading">PROTAGONISTES (PER ORDRE ALFABÈTIC)</h4>



<pre class="wp-block-preformatted has-cyan-bluish-gray-background-color has-background">Dick Them, Gay Mercader, Jaume Vilaseca, Joan Rosselló, Jordi Planas, Karen Souza, Mar Vilaseca, Mercè Puy, Ramón Díaz, Roger Mir i Xavi Casellas</pre>



<div style="height:30px" aria-hidden="true" class="wp-block-spacer"></div>



<h4 class="wp-block-heading">FITXA TÈCNICA</h4>



<pre class="wp-block-preformatted has-cyan-bluish-gray-background-color has-background">DURADA: 52′<br>GÈNERE: Documental musical<br>FORMAT GRAVACIÓ: HD 16:9<br>FORMAT PROJECCIÓ: DCP, ProRes o H264<br>IDIOMA: català i castellà<br>SUBTÍTOLS: castellà i anglès<br>ANY: 2021</pre>



<div style="height:30px" aria-hidden="true" class="wp-block-spacer"></div>



<h4 class="wp-block-heading">EQUIP TÈCNIC</h4>



<pre class="wp-block-preformatted has-cyan-bluish-gray-background-color has-background">CÀMERES: Àngela Ulloa, Montse Benítez i Nando Caballero<br>SO DIRECTE: Montse Benítez i Nando Caballero<br>MUNTATGE D'ÀUDIO I MÀSTERING: Iván Arroyes<br>PRODUCCIÓ: Mercè Puy i Montse Benítez<br>MÚSICA: Jaume Vilaseca<br>DIRECCIÓ, MUNTATGE I ETALONATGE: Nando Caballero</pre>



<div style="height:30px" aria-hidden="true" class="wp-block-spacer"></div>



<h6 class="wp-block-heading">Una producció de La Produktiva Films i Puy &amp; CO</h6>

<p>La música de genesis 1970-1974 Genesis, grup abanderat del rock progressiu dels anys 70, no va coquetejar gaire amb el jazz, així que quan el pianista Jaume Vilaseca es va embarcar a l&#8217;any 2007 en l&#8217;arriscada (i única) aventura d&#8217;adaptar al jazz composicions de Genesis de la seva etapa clàssica (1970-1974), segurament ni ell sabia [&hellip;]</p>
