{"id":1110,"date":"2019-04-18T18:29:54","date_gmt":"2019-04-18T18:29:54","guid":{"rendered":"http:\/\/www.laproduktiva.com\/films\/?page_id=1110"},"modified":"2025-08-13T08:42:54","modified_gmt":"2025-08-13T08:42:54","slug":"neila","status":"publish","type":"page","link":"https:\/\/www.laproduktiva.com\/films\/neila\/","title":{"rendered":"Neila"},"content":{"rendered":"\n<div style=\"height:60px\" aria-hidden=\"true\" class=\"wp-block-spacer\"><\/div>\n\n\n\n<div class=\"wp-block-media-text alignwide is-stacked-on-mobile is-vertically-aligned-center\" style=\"grid-template-columns:35% auto\"><figure class=\"wp-block-media-text__media\"><a href=\"https:\/\/www.laproduktiva.com\/films\/wp-content\/uploads\/Neila_cartell.jpg\" target=\"_blank\" rel=\"noreferrer noopener\"><img loading=\"lazy\" decoding=\"async\" width=\"724\" height=\"1024\" src=\"https:\/\/www.laproduktiva.com\/films\/wp-content\/uploads\/Neila_cartell-724x1024.jpg\" alt=\"\" class=\"wp-image-1112 size-full\" srcset=\"https:\/\/www.laproduktiva.com\/films\/wp-content\/uploads\/Neila_cartell-724x1024.jpg 724w, https:\/\/www.laproduktiva.com\/films\/wp-content\/uploads\/Neila_cartell-212x300.jpg 212w, https:\/\/www.laproduktiva.com\/films\/wp-content\/uploads\/Neila_cartell-768x1086.jpg 768w, https:\/\/www.laproduktiva.com\/films\/wp-content\/uploads\/Neila_cartell.jpg 826w\" sizes=\"auto, (max-width: 724px) 100vw, 724px\" \/><\/a><\/figure><div class=\"wp-block-media-text__content\">\n<p><br>Comprar alvocats per menjar \u00e9s molt sa, per\u00f2 segur que sempre \u00e9s aix\u00ed?<br>Es tracta d&#8217;un curt creat per extreure l&#8217;espot oficial de la vuitena edici\u00f3 del Festival de Cinema de Terror de Sabadell. Un treball fet per l&#8217;equip del Festival i La Produktiva Films.<\/p>\n<\/div><\/div>\n\n\n\n<div style=\"height:30px\" aria-hidden=\"true\" class=\"wp-block-spacer\"><\/div>\n\n\n\n<h4 class=\"wp-block-heading\">PROJECCIONS<\/h4>\n\n\n\n<pre class=\"wp-block-preformatted has-background\" style=\"background-color:#eeeeeeed\">26\/04\/2019 - Premis Arkam, Teatre La Sala, Rub\u00ed<br>09\/03\/2019 - Festival de Cinema de Terror de Sabadell, Cines Imperial<br><\/pre>\n\n\n\n<div style=\"height:30px\" aria-hidden=\"true\" class=\"wp-block-spacer\"><\/div>\n\n\n\n<h4 class=\"wp-block-heading\">veure el CURTMETRATGE<\/h4>\n\n\n\n<figure class=\"wp-block-embed is-type-video is-provider-vimeo wp-block-embed-vimeo wp-embed-aspect-16-9 wp-has-aspect-ratio\"><div class=\"wp-block-embed__wrapper\">\n<iframe loading=\"lazy\" title=\"Neila\" src=\"https:\/\/player.vimeo.com\/video\/323699287?dnt=1&amp;app_id=122963\" width=\"500\" height=\"281\" frameborder=\"0\" allow=\"autoplay; fullscreen; picture-in-picture; clipboard-write; encrypted-media; web-share\" referrerpolicy=\"strict-origin-when-cross-origin\"><\/iframe>\n<\/div><\/figure>\n\n\n\n<div style=\"height:30px\" aria-hidden=\"true\" class=\"wp-block-spacer\"><\/div>\n\n\n\n<h4 class=\"wp-block-heading\">FOTOS RODATGE<\/h4>\n\n\n\n<figure class=\"wp-block-image wp-duotone-unset-1\"><img loading=\"lazy\" decoding=\"async\" width=\"800\" height=\"533\" src=\"http:\/\/www.laproduktiva.com\/films\/wp-content\/uploads\/DSC09887-2.jpg\" alt=\"\" class=\"wp-image-1127\" srcset=\"https:\/\/www.laproduktiva.com\/films\/wp-content\/uploads\/DSC09887-2.jpg 800w, https:\/\/www.laproduktiva.com\/films\/wp-content\/uploads\/DSC09887-2-300x200.jpg 300w, https:\/\/www.laproduktiva.com\/films\/wp-content\/uploads\/DSC09887-2-768x512.jpg 768w\" sizes=\"auto, (max-width: 800px) 100vw, 800px\" \/><\/figure>\n\n\n\n<p><\/p>\n\n\n\n<figure class=\"wp-block-image wp-duotone-unset-2\"><img loading=\"lazy\" decoding=\"async\" width=\"800\" height=\"533\" src=\"http:\/\/www.laproduktiva.com\/films\/wp-content\/uploads\/DSC09952-2.jpg\" alt=\"\" class=\"wp-image-1130\" srcset=\"https:\/\/www.laproduktiva.com\/films\/wp-content\/uploads\/DSC09952-2.jpg 800w, https:\/\/www.laproduktiva.com\/films\/wp-content\/uploads\/DSC09952-2-300x200.jpg 300w, https:\/\/www.laproduktiva.com\/films\/wp-content\/uploads\/DSC09952-2-768x512.jpg 768w\" sizes=\"auto, (max-width: 800px) 100vw, 800px\" \/><\/figure>\n\n\n\n<p><\/p>\n\n\n\n<figure class=\"wp-block-image wp-duotone-unset-3\"><img loading=\"lazy\" decoding=\"async\" width=\"800\" height=\"533\" src=\"http:\/\/www.laproduktiva.com\/films\/wp-content\/uploads\/DSC09965-2.jpg\" alt=\"\" class=\"wp-image-1129\" srcset=\"https:\/\/www.laproduktiva.com\/films\/wp-content\/uploads\/DSC09965-2.jpg 800w, https:\/\/www.laproduktiva.com\/films\/wp-content\/uploads\/DSC09965-2-300x200.jpg 300w, https:\/\/www.laproduktiva.com\/films\/wp-content\/uploads\/DSC09965-2-768x512.jpg 768w\" sizes=\"auto, (max-width: 800px) 100vw, 800px\" \/><\/figure>\n\n\n\n<div style=\"height:30px\" aria-hidden=\"true\" class=\"wp-block-spacer\"><\/div>\n\n\n\n<h4 class=\"wp-block-heading\">FITXA T\u00c8CNICA<\/h4>\n\n\n\n<pre class=\"wp-block-preformatted has-background\" style=\"background-color:#eeeeee\">DURADA: 5'50\"\nG\u00c8NERE: Curtmetratge\nFORMAT GRAVACI\u00d3: HD 16:9\nFORMAT PROJECCI\u00d3: DCP, ProRes o H264\nIDIOMA: Sense di\u00e0legs \nANY: 2019<\/pre>\n\n\n\n<div style=\"height:30px\" aria-hidden=\"true\" class=\"wp-block-spacer\"><\/div>\n\n\n\n<h4 class=\"wp-block-heading\">ACTORS<\/h4>\n\n\n\n<pre class=\"wp-block-preformatted has-background\" style=\"background-color:#eeeeee\">NOIA: Georgina Arcusa\nTRANSE\u00dcNT: David Garnacho\nVEINS: Jordi Muntaner i Toni Jara\n<\/pre>\n\n\n\n<div style=\"height:30px\" aria-hidden=\"true\" class=\"wp-block-spacer\"><\/div>\n\n\n\n<h4 class=\"wp-block-heading\">EQUIP<\/h4>\n\n\n\n<pre class=\"wp-block-preformatted has-background\" style=\"background-color:#eeeeee\">GUI\u00d3: Equip del Festival de Cinema de Terror de SBD<br>DIRECCI\u00d3, C\u00c0MERA I MUNTATGE: Nando Caballero<br>PRODUCCI\u00d3: Ingrid Abad, Carlos Climent i Anna Marin<br><\/pre>\n\n\n\n<div style=\"height:30px\" aria-hidden=\"true\" class=\"wp-block-spacer\"><\/div>\n\n\n\n<h6 class=\"wp-block-heading\">Una producci\u00f3 de La Produktiva Films i el <a href=\"https:\/\/sabadellfilmfestival.com\/\" target=\"_blank\" rel=\"noopener noreferrer\">Festival de Cinema de Terror de Sabadell<\/a><\/h6>\n","protected":false},"excerpt":{"rendered":"<p>Comprar alvocats per menjar \u00e9s molt sa, per\u00f2 segur que sempre \u00e9s aix\u00ed?Es tracta d&#8217;un curt creat per extreure l&#8217;espot oficial de la vuitena edici\u00f3 del Festival de Cinema de Terror de Sabadell. Un treball fet per l&#8217;equip del Festival i La Produktiva Films. PROJECCIONS 26\/04\/2019 &#8211; Premis Arkam, Teatre La Sala, Rub\u00ed09\/03\/2019 &#8211; Festival [&hellip;]<\/p>\n","protected":false},"author":1,"featured_media":2986,"parent":0,"menu_order":0,"comment_status":"closed","ping_status":"closed","template":"","meta":{"footnotes":""},"class_list":["post-1110","page","type-page","status-publish","has-post-thumbnail","hentry"],"_links":{"self":[{"href":"https:\/\/www.laproduktiva.com\/films\/wp-json\/wp\/v2\/pages\/1110","targetHints":{"allow":["GET"]}}],"collection":[{"href":"https:\/\/www.laproduktiva.com\/films\/wp-json\/wp\/v2\/pages"}],"about":[{"href":"https:\/\/www.laproduktiva.com\/films\/wp-json\/wp\/v2\/types\/page"}],"author":[{"embeddable":true,"href":"https:\/\/www.laproduktiva.com\/films\/wp-json\/wp\/v2\/users\/1"}],"replies":[{"embeddable":true,"href":"https:\/\/www.laproduktiva.com\/films\/wp-json\/wp\/v2\/comments?post=1110"}],"version-history":[{"count":30,"href":"https:\/\/www.laproduktiva.com\/films\/wp-json\/wp\/v2\/pages\/1110\/revisions"}],"predecessor-version":[{"id":2971,"href":"https:\/\/www.laproduktiva.com\/films\/wp-json\/wp\/v2\/pages\/1110\/revisions\/2971"}],"wp:featuredmedia":[{"embeddable":true,"href":"https:\/\/www.laproduktiva.com\/films\/wp-json\/wp\/v2\/media\/2986"}],"wp:attachment":[{"href":"https:\/\/www.laproduktiva.com\/films\/wp-json\/wp\/v2\/media?parent=1110"}],"curies":[{"name":"wp","href":"https:\/\/api.w.org\/{rel}","templated":true}]}}

<div style="height:60px" aria-hidden="true" class="wp-block-spacer"></div>



<div class="wp-block-media-text alignwide is-stacked-on-mobile is-vertically-aligned-center" style="grid-template-columns:35% auto"><figure class="wp-block-media-text__media"><a href="https://www.laproduktiva.com/films/wp-content/uploads/Neila_cartell.jpg" target="_blank" rel="noreferrer noopener"><img loading="lazy" decoding="async" width="724" height="1024" src="https://www.laproduktiva.com/films/wp-content/uploads/Neila_cartell-724x1024.jpg" alt="" class="wp-image-1112 size-full" srcset="https://www.laproduktiva.com/films/wp-content/uploads/Neila_cartell-724x1024.jpg 724w, https://www.laproduktiva.com/films/wp-content/uploads/Neila_cartell-212x300.jpg 212w, https://www.laproduktiva.com/films/wp-content/uploads/Neila_cartell-768x1086.jpg 768w, https://www.laproduktiva.com/films/wp-content/uploads/Neila_cartell.jpg 826w" sizes="auto, (max-width: 724px) 100vw, 724px" /></a></figure><div class="wp-block-media-text__content">
<p><br>Comprar alvocats per menjar és molt sa, però segur que sempre és així?<br>Es tracta d&#8217;un curt creat per extreure l&#8217;espot oficial de la vuitena edició del Festival de Cinema de Terror de Sabadell. Un treball fet per l&#8217;equip del Festival i La Produktiva Films.</p>
</div></div>



<div style="height:30px" aria-hidden="true" class="wp-block-spacer"></div>



<h4 class="wp-block-heading">PROJECCIONS</h4>



<pre class="wp-block-preformatted has-background" style="background-color:#eeeeeeed">26/04/2019 - Premis Arkam, Teatre La Sala, Rubí<br>09/03/2019 - Festival de Cinema de Terror de Sabadell, Cines Imperial<br></pre>



<div style="height:30px" aria-hidden="true" class="wp-block-spacer"></div>



<h4 class="wp-block-heading">veure el CURTMETRATGE</h4>



<figure class="wp-block-embed is-type-video is-provider-vimeo wp-block-embed-vimeo wp-embed-aspect-16-9 wp-has-aspect-ratio"><div class="wp-block-embed__wrapper">
<iframe loading="lazy" title="Neila" src="https://player.vimeo.com/video/323699287?dnt=1&amp;app_id=122963" width="500" height="281" frameborder="0" allow="autoplay; fullscreen; picture-in-picture; clipboard-write; encrypted-media; web-share" referrerpolicy="strict-origin-when-cross-origin"></iframe>
</div></figure>



<div style="height:30px" aria-hidden="true" class="wp-block-spacer"></div>



<h4 class="wp-block-heading">FOTOS RODATGE</h4>



<figure class="wp-block-image wp-duotone-unset-1"><img loading="lazy" decoding="async" width="800" height="533" src="http://www.laproduktiva.com/films/wp-content/uploads/DSC09887-2.jpg" alt="" class="wp-image-1127" srcset="https://www.laproduktiva.com/films/wp-content/uploads/DSC09887-2.jpg 800w, https://www.laproduktiva.com/films/wp-content/uploads/DSC09887-2-300x200.jpg 300w, https://www.laproduktiva.com/films/wp-content/uploads/DSC09887-2-768x512.jpg 768w" sizes="auto, (max-width: 800px) 100vw, 800px" /></figure>



<p></p>



<figure class="wp-block-image wp-duotone-unset-2"><img loading="lazy" decoding="async" width="800" height="533" src="http://www.laproduktiva.com/films/wp-content/uploads/DSC09952-2.jpg" alt="" class="wp-image-1130" srcset="https://www.laproduktiva.com/films/wp-content/uploads/DSC09952-2.jpg 800w, https://www.laproduktiva.com/films/wp-content/uploads/DSC09952-2-300x200.jpg 300w, https://www.laproduktiva.com/films/wp-content/uploads/DSC09952-2-768x512.jpg 768w" sizes="auto, (max-width: 800px) 100vw, 800px" /></figure>



<p></p>



<figure class="wp-block-image wp-duotone-unset-3"><img loading="lazy" decoding="async" width="800" height="533" src="http://www.laproduktiva.com/films/wp-content/uploads/DSC09965-2.jpg" alt="" class="wp-image-1129" srcset="https://www.laproduktiva.com/films/wp-content/uploads/DSC09965-2.jpg 800w, https://www.laproduktiva.com/films/wp-content/uploads/DSC09965-2-300x200.jpg 300w, https://www.laproduktiva.com/films/wp-content/uploads/DSC09965-2-768x512.jpg 768w" sizes="auto, (max-width: 800px) 100vw, 800px" /></figure>



<div style="height:30px" aria-hidden="true" class="wp-block-spacer"></div>



<h4 class="wp-block-heading">FITXA TÈCNICA</h4>



<pre class="wp-block-preformatted has-background" style="background-color:#eeeeee">DURADA: 5'50"
GÈNERE: Curtmetratge
FORMAT GRAVACIÓ: HD 16:9
FORMAT PROJECCIÓ: DCP, ProRes o H264
IDIOMA: Sense diàlegs 
ANY: 2019</pre>



<div style="height:30px" aria-hidden="true" class="wp-block-spacer"></div>



<h4 class="wp-block-heading">ACTORS</h4>



<pre class="wp-block-preformatted has-background" style="background-color:#eeeeee">NOIA: Georgina Arcusa
TRANSEÜNT: David Garnacho
VEINS: Jordi Muntaner i Toni Jara
</pre>



<div style="height:30px" aria-hidden="true" class="wp-block-spacer"></div>



<h4 class="wp-block-heading">EQUIP</h4>



<pre class="wp-block-preformatted has-background" style="background-color:#eeeeee">GUIÓ: Equip del Festival de Cinema de Terror de SBD<br>DIRECCIÓ, CÀMERA I MUNTATGE: Nando Caballero<br>PRODUCCIÓ: Ingrid Abad, Carlos Climent i Anna Marin<br></pre>



<div style="height:30px" aria-hidden="true" class="wp-block-spacer"></div>



<h6 class="wp-block-heading">Una producció de La Produktiva Films i el <a href="https://sabadellfilmfestival.com/" target="_blank" rel="noopener noreferrer">Festival de Cinema de Terror de Sabadell</a></h6>

<p>Comprar alvocats per menjar és molt sa, però segur que sempre és així?Es tracta d&#8217;un curt creat per extreure l&#8217;espot oficial de la vuitena edició del Festival de Cinema de Terror de Sabadell. Un treball fet per l&#8217;equip del Festival i La Produktiva Films. PROJECCIONS 26/04/2019 &#8211; Premis Arkam, Teatre La Sala, Rubí09/03/2019 &#8211; Festival [&hellip;]</p>
