{"id":11,"date":"2016-07-28T11:34:32","date_gmt":"2016-07-28T11:34:32","guid":{"rendered":"http:\/\/www.laproduktiva.com\/books\/?page_id=11"},"modified":"2026-01-06T10:23:18","modified_gmt":"2026-01-06T10:23:18","slug":"rocanrol","status":"publish","type":"page","link":"https:\/\/www.laproduktiva.com\/books\/rocanrol\/","title":{"rendered":"Rocanrol"},"content":{"rendered":"<p><img loading=\"lazy\" decoding=\"async\" class=\"alignleft size-full wp-image-536\" src=\"http:\/\/www.laproduktiva.com\/books\/wp-content\/uploads\/portadarocanrol300.jpg\" alt=\"\" width=\"194\" height=\"300\" \/>Nando Caballero nos ofrece en <em>Rocanrol<\/em>, su primera novela (que no su primer libro editado), una historia que transcurre con un ritmo imparable, entretenido y cuya trama est\u00e1 especialmente indicada para todos aquellos amantes de la m\u00fasica en general y del rock en particular. Caballero firma un thriller a pie de calle, un relato de m\u00fasica e inc\u00f3gnitas por resolver en el que los grandes enclaves cinematogr\u00e1ficos escogidos para estas lides se cambian por avenidas, plazas y rincones barriales por los que todos pasamos a diario. Su rockero protagonista, convertido en una suerte de Sherlock Holmes en pos de un misterioso pedal Big Muff &#8220;GP&#8221; para guitarra, es totalmente ic\u00f3nico; y como pasa con el Serapio Guitart de Antonio Perales, el m\u00fasico coleccionista y amante de la carrera de Frank Zappa creado por Nando pide a gritos nuevos cap\u00edtulos que alarguen las correr\u00edas que ya ha vivido en este Rocanrol (magn\u00edficamente ilustrado, como no pod\u00eda ser de otra manera, por la originalidad del tambi\u00e9n m\u00fasico y dibujante Carlos Gambarte).<\/p>\n<p><img loading=\"lazy\" decoding=\"async\" class=\"alignright size-full wp-image-515\" src=\"http:\/\/www.laproduktiva.com\/books\/wp-content\/uploads\/nandocarlos.jpg\" alt=\"\" width=\"250\" height=\"210\" \/><strong>Nando Caballero<\/strong> (Barcelona, 1968) es m\u00fasico, pintor, DJ, locutor de radio y editor fonogr\u00e1fico. <em>Rocanrol<\/em> es su primera novela despu\u00e9s autoeditarse un libro de poemas (<em>Destroyer Pop<\/em>, 1997) y coescribir <em>Introducci\u00f3n a Frank Zappa<\/em>, la primera biograf\u00eda sobre Zappa en castellano (Milenio, 2004).<\/p>\n<p><strong>Carlos Gambarte<\/strong> (Tafalla, 1965) es m\u00fasico, dibujante, ilustrador y profesor de c\u00f3mic. Ha publicado sus trabajos en revistas como El V\u00edbora o Makoki, entre otras. Tambi\u00e9n es el autor del m\u00edtico libro gr\u00e1fico <em>El Mazas<\/em> y cofundador de la agencia de caricaturas El 6 y el cuatro.<\/p>\n<hr \/>\n<p>Ref: LPB01<br \/>ISBN: 978-8460672227<br \/>130 p\u00e1ginas<br \/>15 x 21cm<br \/>R\u00fastica<br \/>Idioma: castellano<br \/>Precio: 10\u20ac<\/p>\n<hr \/>\n<h4><b>AGOTADO!<\/b><\/h4>\n\n\n<p><\/p>\n","protected":false},"excerpt":{"rendered":"<p>Una aventura &#8220;musico-polic\u00edaca&#8221; plena de misteri, sorpreses i suspens. Si t&#8217;agrada la novel\u00b7la negra i la m\u00fasica, segur que t&#8217;agradar\u00e0 l&#8217;afinaci\u00f3 de &#8220;Rocanrol&#8221;&#8230;<\/p>\n","protected":false},"author":1,"featured_media":536,"parent":0,"menu_order":0,"comment_status":"closed","ping_status":"closed","template":"","meta":{"footnotes":""},"class_list":["post-11","page","type-page","status-publish","has-post-thumbnail","hentry"],"_links":{"self":[{"href":"https:\/\/www.laproduktiva.com\/books\/wp-json\/wp\/v2\/pages\/11","targetHints":{"allow":["GET"]}}],"collection":[{"href":"https:\/\/www.laproduktiva.com\/books\/wp-json\/wp\/v2\/pages"}],"about":[{"href":"https:\/\/www.laproduktiva.com\/books\/wp-json\/wp\/v2\/types\/page"}],"author":[{"embeddable":true,"href":"https:\/\/www.laproduktiva.com\/books\/wp-json\/wp\/v2\/users\/1"}],"replies":[{"embeddable":true,"href":"https:\/\/www.laproduktiva.com\/books\/wp-json\/wp\/v2\/comments?post=11"}],"version-history":[{"count":52,"href":"https:\/\/www.laproduktiva.com\/books\/wp-json\/wp\/v2\/pages\/11\/revisions"}],"predecessor-version":[{"id":851,"href":"https:\/\/www.laproduktiva.com\/books\/wp-json\/wp\/v2\/pages\/11\/revisions\/851"}],"wp:featuredmedia":[{"embeddable":true,"href":"https:\/\/www.laproduktiva.com\/books\/wp-json\/wp\/v2\/media\/536"}],"wp:attachment":[{"href":"https:\/\/www.laproduktiva.com\/books\/wp-json\/wp\/v2\/media?parent=11"}],"curies":[{"name":"wp","href":"https:\/\/api.w.org\/{rel}","templated":true}]}}